CRAN Package Check Results for Package oysteR

Last updated on 2025-07-02 03:50:47 CEST.

Flavor Version Tinstall Tcheck Ttotal Status Flags
r-devel-linux-x86_64-debian-clang 0.1.1 4.69 37.69 42.38 OK
r-devel-linux-x86_64-debian-gcc 0.1.1 3.06 28.20 31.26 OK
r-devel-linux-x86_64-fedora-clang 0.1.1 68.89 OK
r-devel-linux-x86_64-fedora-gcc 0.1.1 58.28 OK
r-devel-windows-x86_64 0.1.1 6.00 57.00 63.00 OK
r-patched-linux-x86_64 OK
r-release-linux-x86_64 0.1.1 4.37 36.06 40.43 OK
r-release-macos-arm64 0.1.1 24.00 OK
r-release-macos-x86_64 0.1.1 42.00 OK
r-release-windows-x86_64 0.1.1 7.00 56.00 63.00 OK
r-oldrel-macos-arm64 0.1.1 21.00 NOTE
r-oldrel-macos-x86_64 0.1.1 36.00 NOTE
r-oldrel-windows-x86_64 0.1.1 9.00 66.00 75.00 NOTE

Check Details

Version: 0.1.1
Check: LazyData
Result: NOTE 'LazyData' is specified without a 'data' directory Flavors: r-oldrel-macos-arm64, r-oldrel-macos-x86_64, r-oldrel-windows-x86_64

These binaries (installable software) and packages are in development.
They may not be fully stable and should be used with caution. We make no claims about them.