Last updated on 2025-10-23 23:49:38 CEST.
| Flavor | Version | Tinstall | Tcheck | Ttotal | Status | Flags |
|---|---|---|---|---|---|---|
| r-devel-linux-x86_64-debian-clang | 1.0-22 | 1.65 | 18.33 | 19.98 | NOTE | |
| r-devel-linux-x86_64-debian-gcc | 1.0-22 | 1.40 | 15.01 | 16.41 | OK | |
| r-devel-linux-x86_64-fedora-clang | 1.0-22 | 29.43 | OK | |||
| r-devel-linux-x86_64-fedora-gcc | 1.0-22 | 28.25 | OK | |||
| r-devel-windows-x86_64 | 1.0-22 | 3.00 | 38.00 | 41.00 | OK | |
| r-patched-linux-x86_64 | 1.0-22 | 1.46 | 17.50 | 18.96 | OK | |
| r-release-linux-x86_64 | 1.0-22 | 1.55 | 17.64 | 19.19 | OK | |
| r-release-macos-arm64 | 1.0-22 | 1.00 | 13.00 | 14.00 | OK | |
| r-release-macos-x86_64 | 1.0-22 | 2.00 | 18.00 | 20.00 | OK | |
| r-release-windows-x86_64 | 1.0-22 | 2.00 | 41.00 | 43.00 | OK | |
| r-oldrel-macos-arm64 | 1.0-22 | 1.00 | 12.00 | 13.00 | OK | |
| r-oldrel-macos-x86_64 | 1.0-22 | 1.00 | 17.00 | 18.00 | OK | |
| r-oldrel-windows-x86_64 | 1.0-22 | 2.00 | 43.00 | 45.00 | OK |
Version: 1.0-22
Check: HTML version of manual
Result: NOTE
Found the following HTML validation problems:
oz-states.html:52:1 (oz-states.Rd:23): Warning: missing </ul> before </div>
Flavor: r-devel-linux-x86_64-debian-clang
These binaries (installable software) and packages are in development.
They may not be fully stable and should be used with caution. We make no claims about them.