Last updated on 2025-10-23 17:50:57 CEST.
Flavor | Version | Tinstall | Tcheck | Ttotal | Status | Flags |
---|---|---|---|---|---|---|
r-devel-linux-x86_64-debian-clang | 0.1.4 | 17.26 | 42.81 | 60.07 | NOTE | |
r-devel-linux-x86_64-debian-gcc | 0.1.4 | 11.24 | 31.79 | 43.03 | NOTE | |
r-devel-linux-x86_64-fedora-clang | 0.1.4 | 154.00 | -37.50 | 116.50 | NOTE | |
r-devel-linux-x86_64-fedora-gcc | 0.1.4 | 78.00 | 24.48 | 102.48 | NOTE | |
r-devel-windows-x86_64 | 0.1.4 | 25.00 | 101.00 | 126.00 | NOTE | |
r-patched-linux-x86_64 | 0.1.4 | 17.66 | 41.28 | 58.94 | NOTE | |
r-release-linux-x86_64 | 0.1.4 | 17.92 | 41.21 | 59.13 | NOTE | |
r-release-macos-arm64 | 0.1.4 | 8.00 | 25.00 | 33.00 | NOTE | |
r-release-macos-x86_64 | 0.1.4 | 13.00 | 43.00 | 56.00 | NOTE | |
r-release-windows-x86_64 | 0.1.4 | 24.00 | 89.00 | 113.00 | NOTE | |
r-oldrel-macos-arm64 | 0.1.4 | 8.00 | 22.00 | 30.00 | NOTE | |
r-oldrel-macos-x86_64 | 0.1.4 | 11.00 | 34.00 | 45.00 | NOTE | |
r-oldrel-windows-x86_64 | 0.1.4 | 29.00 | 104.00 | 133.00 | NOTE |
Version: 0.1.4
Check: Rd files
Result: NOTE
checkRd: (-1) DTV.Rd:20: Lost braces in \itemize; \value handles \item{}{} directly
checkRd: (-1) DTV.Rd:21: Lost braces in \itemize; \value handles \item{}{} directly
checkRd: (-1) DTV.Rd:22: Lost braces in \itemize; \value handles \item{}{} directly
checkRd: (-1) DTV.Rd:23: Lost braces in \itemize; \value handles \item{}{} directly
checkRd: (-1) DTV.Rd:24: Lost braces in \itemize; \value handles \item{}{} directly
Flavors: r-devel-linux-x86_64-debian-clang, r-devel-linux-x86_64-debian-gcc, r-devel-linux-x86_64-fedora-clang, r-devel-linux-x86_64-fedora-gcc, r-devel-windows-x86_64, r-patched-linux-x86_64, r-release-linux-x86_64, r-release-macos-arm64, r-release-macos-x86_64, r-release-windows-x86_64, r-oldrel-macos-arm64, r-oldrel-macos-x86_64, r-oldrel-windows-x86_64
These binaries (installable software) and packages are in development.
They may not be fully stable and should be used with caution. We make no claims about them.