Last updated on 2025-02-16 08:50:56 CET.
Flavor | Version | Tinstall | Tcheck | Ttotal | Status | Flags |
---|---|---|---|---|---|---|
r-devel-linux-x86_64-debian-clang | 0.1.4 | 18.97 | 40.68 | 59.65 | NOTE | |
r-devel-linux-x86_64-debian-gcc | 0.1.4 | 13.56 | 29.84 | 43.40 | NOTE | |
r-devel-linux-x86_64-fedora-clang | 0.1.4 | 107.06 | NOTE | |||
r-devel-linux-x86_64-fedora-gcc | 0.1.4 | 100.82 | NOTE | |||
r-devel-macos-arm64 | 0.1.4 | 30.00 | NOTE | |||
r-devel-macos-x86_64 | 0.1.4 | 54.00 | NOTE | |||
r-devel-windows-x86_64 | 0.1.4 | 22.00 | 95.00 | 117.00 | NOTE | |
r-patched-linux-x86_64 | 0.1.4 | 15.62 | 38.95 | 54.57 | NOTE | |
r-release-linux-x86_64 | 0.1.4 | 18.28 | 38.84 | 57.12 | NOTE | |
r-release-macos-arm64 | 0.1.4 | 30.00 | NOTE | |||
r-release-macos-x86_64 | 0.1.4 | 45.00 | NOTE | |||
r-release-windows-x86_64 | 0.1.4 | 22.00 | 101.00 | 123.00 | NOTE | |
r-oldrel-macos-arm64 | 0.1.4 | 34.00 | OK | |||
r-oldrel-macos-x86_64 | 0.1.4 | 62.00 | OK | |||
r-oldrel-windows-x86_64 | 0.1.4 | 28.00 | 98.00 | 126.00 | OK |
Version: 0.1.4
Check: Rd files
Result: NOTE
checkRd: (-1) DTV.Rd:20: Lost braces in \itemize; \value handles \item{}{} directly
checkRd: (-1) DTV.Rd:21: Lost braces in \itemize; \value handles \item{}{} directly
checkRd: (-1) DTV.Rd:22: Lost braces in \itemize; \value handles \item{}{} directly
checkRd: (-1) DTV.Rd:23: Lost braces in \itemize; \value handles \item{}{} directly
checkRd: (-1) DTV.Rd:24: Lost braces in \itemize; \value handles \item{}{} directly
Flavors: r-devel-linux-x86_64-debian-clang, r-devel-linux-x86_64-debian-gcc, r-devel-linux-x86_64-fedora-clang, r-devel-linux-x86_64-fedora-gcc, r-devel-macos-arm64, r-devel-macos-x86_64, r-devel-windows-x86_64, r-patched-linux-x86_64, r-release-linux-x86_64, r-release-macos-arm64, r-release-macos-x86_64, r-release-windows-x86_64
These binaries (installable software) and packages are in development.
They may not be fully stable and should be used with caution. We make no claims about them.