Last updated on 2025-07-26 01:51:00 CEST.
Flavor | Version | Tinstall | Tcheck | Ttotal | Status | Flags |
---|---|---|---|---|---|---|
r-devel-linux-x86_64-debian-clang | 1.2 | 11.72 | 102.71 | 114.43 | NOTE | |
r-devel-linux-x86_64-debian-gcc | 1.2 | 9.27 | 71.78 | 81.05 | NOTE | |
r-devel-linux-x86_64-fedora-clang | 1.2 | 171.25 | OK | |||
r-devel-linux-x86_64-fedora-gcc | 1.2 | 161.87 | OK | |||
r-devel-windows-x86_64 | 1.2 | 14.00 | 106.00 | 120.00 | OK | |
r-patched-linux-x86_64 | 1.2 | 10.45 | 93.90 | 104.35 | OK | |
r-release-linux-x86_64 | 1.2 | 11.27 | 93.43 | 104.70 | OK | |
r-release-macos-arm64 | 1.2 | 51.00 | OK | |||
r-release-macos-x86_64 | 1.2 | 82.00 | OK | |||
r-release-windows-x86_64 | 1.2 | 12.00 | 99.00 | 111.00 | OK | |
r-oldrel-macos-arm64 | 1.2 | 46.00 | OK | |||
r-oldrel-macos-x86_64 | 1.2 | 70.00 | OK | |||
r-oldrel-windows-x86_64 | 1.2 | 16.00 | 125.00 | 141.00 | OK |
Version: 1.2
Check: CRAN incoming feasibility
Result: NOTE
Maintainer: ‘Ankur Chakravarthy <ankur.chakravarthy.10@ucl.ac.uk>’
No Authors@R field in DESCRIPTION.
Please add one, modifying
Authors@R: person(given = "Ankur",
family = "Chakravarthy",
role = c("aut", "cre"),
email = "ankur.chakravarthy.10@ucl.ac.uk")
as necessary.
Flavors: r-devel-linux-x86_64-debian-clang, r-devel-linux-x86_64-debian-gcc
These binaries (installable software) and packages are in development.
They may not be fully stable and should be used with caution. We make no claims about them.