Last updated on 2025-02-16 08:50:57 CET.
Flavor | Version | Tinstall | Tcheck | Ttotal | Status | Flags |
---|---|---|---|---|---|---|
r-devel-linux-x86_64-debian-clang | 1.18.5 | 25.88 | 152.24 | 178.12 | NOTE | |
r-devel-linux-x86_64-debian-gcc | 1.18.5 | 19.31 | 93.50 | 112.81 | NOTE | |
r-devel-linux-x86_64-fedora-clang | 1.18.5 | 305.68 | OK | |||
r-devel-linux-x86_64-fedora-gcc | 1.18.5 | 283.27 | OK | |||
r-devel-macos-arm64 | 1.18.5 | 61.00 | OK | |||
r-devel-macos-x86_64 | 1.18.5 | 154.00 | OK | |||
r-devel-windows-x86_64 | 1.18.5 | 29.00 | 176.00 | 205.00 | NOTE | |
r-patched-linux-x86_64 | 1.18.5 | 28.01 | 140.45 | 168.46 | OK | |
r-release-linux-x86_64 | 1.18.5 | 23.91 | 143.15 | 167.06 | OK | |
r-release-macos-arm64 | 1.18.5 | 65.00 | OK | |||
r-release-macos-x86_64 | 1.18.5 | 125.00 | OK | |||
r-release-windows-x86_64 | 1.18.5 | 29.00 | 181.00 | 210.00 | OK | |
r-oldrel-macos-arm64 | 1.18.5 | 75.00 | OK | |||
r-oldrel-macos-x86_64 | 1.18.5 | 185.00 | OK | |||
r-oldrel-windows-x86_64 | 1.18.5 | 35.00 | 174.00 | 209.00 | OK |
Version: 1.18.5
Check: Rd cross-references
Result: NOTE
Found the following Rd file(s) with Rd \link{} targets missing package
anchors:
smooth.Rd: fitdistr
Please provide package anchors for all Rd \link{} targets not in the
package itself and the base packages.
Flavors: r-devel-linux-x86_64-debian-clang, r-devel-linux-x86_64-debian-gcc, r-devel-windows-x86_64
These binaries (installable software) and packages are in development.
They may not be fully stable and should be used with caution. We make no claims about them.