Last updated on 2025-07-01 01:49:30 CEST.
Flavor | Version | Tinstall | Tcheck | Ttotal | Status | Flags |
---|---|---|---|---|---|---|
r-devel-linux-x86_64-debian-clang | 1.18.5 | 25.02 | 154.54 | 179.56 | NOTE | |
r-devel-linux-x86_64-debian-gcc | 1.18.5 | 17.03 | 97.85 | 114.88 | NOTE | |
r-devel-linux-x86_64-fedora-clang | 1.18.5 | 306.82 | OK | |||
r-devel-linux-x86_64-fedora-gcc | 1.18.5 | 252.73 | OK | |||
r-devel-windows-x86_64 | 1.18.5 | 32.00 | 184.00 | 216.00 | NOTE | |
r-patched-linux-x86_64 | NOTE | |||||
r-release-linux-x86_64 | 1.18.5 | 26.33 | 145.87 | 172.20 | NOTE | |
r-release-macos-arm64 | 1.18.5 | 62.00 | OK | |||
r-release-macos-x86_64 | 1.18.5 | 165.00 | OK | |||
r-release-windows-x86_64 | 1.18.5 | 30.00 | 181.00 | 211.00 | NOTE | |
r-oldrel-macos-arm64 | 1.18.5 | 65.00 | OK | |||
r-oldrel-macos-x86_64 | 1.18.5 | 125.00 | OK | |||
r-oldrel-windows-x86_64 | 1.18.5 | 39.00 | 232.00 | 271.00 | OK |
Version: 1.18.5
Check: Rd cross-references
Result: NOTE
Found the following Rd file(s) with Rd \link{} targets missing package
anchors:
smooth.Rd: fitdistr
Please provide package anchors for all Rd \link{} targets not in the
package itself and the base packages.
Flavors: r-devel-linux-x86_64-debian-clang, r-devel-linux-x86_64-debian-gcc, r-devel-windows-x86_64, r-patched-linux-x86_64, r-release-linux-x86_64, r-release-windows-x86_64
These binaries (installable software) and packages are in development.
They may not be fully stable and should be used with caution. We make no claims about them.