CRAN Package Check Results for Package pRSR

Last updated on 2025-02-16 08:50:57 CET.

Flavor Version Tinstall Tcheck Ttotal Status Flags
r-devel-linux-x86_64-debian-clang 3.1.1 2.95 19.45 22.40 OK
r-devel-linux-x86_64-debian-gcc 3.1.1 2.44 16.31 18.75 OK
r-devel-linux-x86_64-fedora-clang 3.1.1 36.64 NOTE
r-devel-linux-x86_64-fedora-gcc 3.1.1 34.59 NOTE
r-devel-macos-arm64 3.1.1 18.00 OK
r-devel-macos-x86_64 3.1.1 42.00 OK
r-devel-windows-x86_64 3.1.1 6.00 49.00 55.00 OK
r-patched-linux-x86_64 3.1.1 3.04 18.72 21.76 OK
r-release-linux-x86_64 3.1.1 2.91 18.75 21.66 OK
r-release-macos-arm64 3.1.1 18.00 OK
r-release-macos-x86_64 3.1.1 34.00 OK
r-release-windows-x86_64 3.1.1 6.00 39.00 45.00 OK
r-oldrel-macos-arm64 3.1.1 16.00 OK
r-oldrel-macos-x86_64 3.1.1 22.00 OK
r-oldrel-windows-x86_64 3.1.1 7.00 41.00 48.00 OK

Check Details

Version: 3.1.1
Check: compiled code
Result: NOTE File ‘pRSR/libs/pRSR.so’: Found no calls to: ‘R_registerRoutines’, ‘R_useDynamicSymbols’ It is good practice to register native routines and to disable symbol search. See ‘Writing portable packages’ in the ‘Writing R Extensions’ manual. Flavors: r-devel-linux-x86_64-fedora-clang, r-devel-linux-x86_64-fedora-gcc

These binaries (installable software) and packages are in development.
They may not be fully stable and should be used with caution. We make no claims about them.