Last updated on 2025-05-01 15:49:40 CEST.
Flavor | Version | Tinstall | Tcheck | Ttotal | Status | Flags |
---|---|---|---|---|---|---|
r-devel-linux-x86_64-debian-clang | 1.0.2 | 1.99 | 44.91 | 46.90 | NOTE | |
r-devel-linux-x86_64-debian-gcc | 1.0.2 | 1.55 | 31.74 | 33.29 | NOTE | |
r-devel-linux-x86_64-fedora-clang | 1.0.2 | 74.83 | OK | |||
r-devel-linux-x86_64-fedora-gcc | 1.0.2 | 85.73 | OK | |||
r-devel-windows-x86_64 | 1.0.2 | 3.00 | 202.00 | 205.00 | OK | |
r-patched-linux-x86_64 | 1.0.2 | 1.98 | 41.92 | 43.90 | OK | |
r-release-linux-x86_64 | OK | |||||
r-release-macos-arm64 | 1.0.2 | 105.00 | OK | |||
r-release-macos-x86_64 | 1.0.2 | 288.00 | OK | |||
r-release-windows-x86_64 | 1.0.2 | 4.00 | 203.00 | 207.00 | OK | |
r-oldrel-macos-arm64 | 1.0.2 | 108.00 | OK | |||
r-oldrel-macos-x86_64 | 1.0.2 | 163.00 | OK | |||
r-oldrel-windows-x86_64 | 1.0.2 | 3.00 | 271.00 | 274.00 | OK |
Version: 1.0.2
Check: CRAN incoming feasibility
Result: NOTE
Maintainer: ‘Peter DeWitt <peter.dewitt@cuanschutz.edu>’
Package CITATION file contains call(s) to old-style citEntry(). Please
use bibentry() instead.
Flavors: r-devel-linux-x86_64-debian-clang, r-devel-linux-x86_64-debian-gcc
These binaries (installable software) and packages are in development.
They may not be fully stable and should be used with caution. We make no claims about them.