CRAN Package Check Results for Package pa

Last updated on 2025-07-01 17:55:23 CEST.

Flavor Version Tinstall Tcheck Ttotal Status Flags
r-devel-linux-x86_64-debian-clang 1.2-4 7.38 83.80 91.18 NOTE
r-devel-linux-x86_64-debian-gcc 1.2-4 5.51 60.56 66.07 NOTE
r-devel-linux-x86_64-fedora-clang 1.2-4 143.86 NOTE
r-devel-linux-x86_64-fedora-gcc 1.2-4 144.11 NOTE
r-devel-windows-x86_64 1.2-4 9.00 115.00 124.00 NOTE
r-patched-linux-x86_64 NOTE
r-release-linux-x86_64 1.2-4 6.60 78.79 85.39 NOTE
r-release-macos-arm64 1.2-4 51.00 NOTE
r-release-macos-x86_64 1.2-4 96.00 NOTE
r-release-windows-x86_64 1.2-4 10.00 119.00 129.00 NOTE
r-oldrel-macos-arm64 1.2-4 46.00 NOTE
r-oldrel-macos-x86_64 1.2-4 73.00 NOTE
r-oldrel-windows-x86_64 1.2-4 12.00 133.00 145.00 NOTE

Check Details

Version: 1.2-4
Check: Rd files
Result: NOTE checkRd: (-1) returns.Rd:21: Lost braces; missing escapes or markup? 21 | \item{...}{Other options including {type} which refers to the | ^ Flavors: r-devel-linux-x86_64-debian-clang, r-devel-linux-x86_64-debian-gcc, r-devel-linux-x86_64-fedora-clang, r-devel-linux-x86_64-fedora-gcc, r-devel-windows-x86_64, r-patched-linux-x86_64, r-release-linux-x86_64, r-release-macos-arm64, r-release-macos-x86_64, r-release-windows-x86_64, r-oldrel-macos-arm64, r-oldrel-macos-x86_64, r-oldrel-windows-x86_64

These binaries (installable software) and packages are in development.
They may not be fully stable and should be used with caution. We make no claims about them.