Last updated on 2024-07-27 15:50:28 CEST.
Flavor | Version | Tinstall | Tcheck | Ttotal | Status | Flags |
---|---|---|---|---|---|---|
r-devel-linux-x86_64-debian-clang | 1.2-4 | 6.71 | 95.92 | 102.63 | NOTE | |
r-devel-linux-x86_64-debian-gcc | 1.2-4 | NOTE | ||||
r-devel-linux-x86_64-fedora-clang | 1.2-4 | 130.33 | NOTE | |||
r-devel-linux-x86_64-fedora-gcc | 1.2-4 | 136.71 | NOTE | |||
r-devel-windows-x86_64 | 1.2-4 | 10.00 | 112.00 | 122.00 | NOTE | |
r-patched-linux-x86_64 | 1.2-4 | NOTE | ||||
r-release-linux-x86_64 | 1.2-4 | 7.46 | 91.02 | 98.48 | NOTE | |
r-release-macos-arm64 | 1.2-4 | 46.00 | NOTE | |||
r-release-macos-x86_64 | 1.2-4 | 73.00 | NOTE | |||
r-release-windows-x86_64 | 1.2-4 | 9.00 | 112.00 | 121.00 | NOTE | |
r-oldrel-macos-arm64 | 1.2-4 | 56.00 | OK | |||
r-oldrel-macos-x86_64 | 1.2-4 | 122.00 | OK | |||
r-oldrel-windows-x86_64 | 1.2-4 | 12.00 | 121.00 | 133.00 | OK |
Version: 1.2-4
Check: Rd files
Result: NOTE
checkRd: (-1) returns.Rd:21: Lost braces; missing escapes or markup?
21 | \item{...}{Other options including {type} which refers to the
| ^
Flavors: r-devel-linux-x86_64-debian-clang, r-devel-linux-x86_64-debian-gcc, r-devel-linux-x86_64-fedora-clang, r-devel-linux-x86_64-fedora-gcc, r-devel-windows-x86_64, r-patched-linux-x86_64, r-release-linux-x86_64, r-release-macos-arm64, r-release-macos-x86_64, r-release-windows-x86_64
These binaries (installable software) and packages are in development.
They may not be fully stable and should be used with caution. We make no claims about them.