CRAN Package Check Results for Package packageRank

Last updated on 2025-10-23 11:50:21 CEST.

Flavor Version Tinstall Tcheck Ttotal Status Flags
r-devel-linux-x86_64-debian-clang 0.9.7 20.65 108.13 128.78 NOTE
r-devel-linux-x86_64-debian-gcc 0.9.7 13.03 70.29 83.32 OK
r-devel-linux-x86_64-fedora-clang 0.9.7 133.00 60.49 193.49 OK
r-devel-linux-x86_64-fedora-gcc 0.9.7 43.00 137.35 180.35 OK
r-devel-windows-x86_64 0.9.7 22.00 106.00 128.00 OK
r-patched-linux-x86_64 0.9.7 16.78 97.04 113.82 OK
r-release-linux-x86_64 0.9.7 16.89 97.54 114.43 OK
r-release-macos-arm64 0.9.7 7.00 38.00 45.00 OK
r-release-macos-x86_64 0.9.7 19.00 99.00 118.00 OK
r-release-windows-x86_64 0.9.7 23.00 107.00 130.00 OK
r-oldrel-macos-arm64 0.9.7 9.00 46.00 55.00 OK
r-oldrel-macos-x86_64 0.9.7 20.00 120.00 140.00 OK
r-oldrel-windows-x86_64 0.9.7 30.00 130.00 160.00 OK

Check Details

Version: 0.9.7
Check: HTML version of manual
Result: NOTE Found the following HTML validation problems: countsRanks.html:50:1 (countsRanks.Rd:12): Warning: missing </ul> before </div> cranInflationPlot.html:46:1 (cranInflationPlot.Rd:10): Warning: missing </ul> before </div> cranMirrors.html:46:1 (cranMirrors.Rd:10): Warning: missing </ul> before </div> currentTime.html:46:1 (currentTime.Rd:10): Warning: missing </ul> before </div> downloadsCountry.html:50:1 (downloadsCountry.Rd:12): Warning: missing </ul> before </div> filteredDownloads.html:85:1 (filteredDownloads.Rd:31): Warning: missing </ul> before </div> inflationPlot.html:55:1 (inflationPlot.Rd:15): Warning: missing </ul> before </div> inflationPlot2.html:63:1 (inflationPlot2.Rd:19): Warning: missing </ul> before </div> ipCount.html:54:1 (ipCount.Rd:14): Warning: missing </ul> before </div> ipDownloads.html:50:1 (ipDownloads.Rd:12): Warning: missing </ul> before </div> localTime.html:54:1 (localTime.Rd:14): Warning: missing </ul> before </div> logInfo.html:59:1 (logInfo.Rd:17): Warning: missing </ul> before </div> packageCountry.html:98:1 (packageCountry.Rd:38): Warning: missing </ul> before </div> packageDistribution.html:76:1 (packageDistribution.Rd:26): Warning: missing </ul> before </div> packageHistory.html:50:1 (packageHistory.Rd:12): Warning: missing </ul> before </div> plot.countryDistribution.html:55:1 (plot.countryDistribution.Rd:14): Warning: missing </ul> before </div> plot.countsRanks.html:51:1 (plot.countsRanks.Rd:12): Warning: missing </ul> before </div> plot.packageDistribution.html:51:1 (plot.packageDistribution.Rd:12): Warning: missing </ul> before </div> plot.packageVersionPercent.html:51:1 (plot.packageVersionPercent.Rd:12): Warning: missing </ul> before </div> plotTopCountryCodes.html:50:1 (plotTopCountryCodes.Rd:12): Warning: missing </ul> before </div> print.bioconductorDownloads.html:51:1 (print.bioconductorDownloads.Rd:12): Warning: missing </ul> before </div> print.bioconductorRank.html:51:1 (print.bioconductorRank.Rd:12): Warning: missing </ul> before </div> print.countryDistribution.html:55:1 (print.countryDistribution.Rd:14): Warning: missing </ul> before </div> print.cranDistribution.html:55:1 (print.cranDistribution.Rd:14): Warning: missing </ul> before </div> print.cranDownloads.html:51:1 (print.cranDownloads.Rd:12): Warning: missing </ul> before </div> print.packageDistribution.html:51:1 (print.packageDistribution.Rd:12): Warning: missing </ul> before </div> print.packageRank.html:51:1 (print.packageRank.Rd:12): Warning: missing </ul> before </div> summary.bioconductorDownloads.html:51:1 (summary.bioconductorDownloads.Rd:12): Warning: missing </ul> before </div> topCountryCodes.html:54:1 (topCountryCodes.Rd:14): Warning: missing </ul> before </div> utc0.html:54:1 (utc0.Rd:14): Warning: missing </ul> before </div> weeklyDownloads.html:54:1 (weeklyDownloads.Rd:14): Warning: missing </ul> before </div> Flavor: r-devel-linux-x86_64-debian-clang

These binaries (installable software) and packages are in development.
They may not be fully stable and should be used with caution. We make no claims about them.