CRAN Package Check Results for Package packer

Last updated on 2025-05-08 04:52:13 CEST.

Flavor Version Tinstall Tcheck Ttotal Status Flags
r-devel-linux-x86_64-debian-clang 0.1.3 5.03 41.09 46.12 NOTE
r-devel-linux-x86_64-debian-gcc 0.1.3 3.81 30.93 34.74 NOTE
r-devel-linux-x86_64-fedora-clang 0.1.3 72.22 NOTE
r-devel-linux-x86_64-fedora-gcc 0.1.3 67.67 NOTE
r-devel-windows-x86_64 0.1.3 7.00 66.00 73.00 NOTE
r-patched-linux-x86_64 0.1.3 6.34 38.01 44.35 NOTE
r-release-linux-x86_64 0.1.3 5.33 38.02 43.35 NOTE
r-release-macos-arm64 0.1.3 24.00 NOTE
r-release-macos-x86_64 0.1.3 45.00 NOTE
r-release-windows-x86_64 0.1.3 9.00 68.00 77.00 NOTE
r-oldrel-macos-arm64 0.1.3 26.00 NOTE
r-oldrel-macos-x86_64 0.1.3 35.00 NOTE
r-oldrel-windows-x86_64 0.1.3 10.00 72.00 82.00 NOTE

Check Details

Version: 0.1.3
Check: package subdirectories
Result: NOTE Problems with news in ‘NEWS.md’: Cannot extract version info from the following section titles: Changes Flavors: r-devel-linux-x86_64-debian-clang, r-devel-linux-x86_64-debian-gcc, r-devel-linux-x86_64-fedora-clang, r-devel-linux-x86_64-fedora-gcc, r-devel-windows-x86_64, r-patched-linux-x86_64, r-release-linux-x86_64, r-release-macos-arm64, r-release-macos-x86_64, r-release-windows-x86_64, r-oldrel-macos-arm64, r-oldrel-macos-x86_64, r-oldrel-windows-x86_64

These binaries (installable software) and packages are in development.
They may not be fully stable and should be used with caution. We make no claims about them.