CRAN Package Check Results for Package pacman

Last updated on 2025-07-12 17:48:31 CEST.

Flavor Version Tinstall Tcheck Ttotal Status Flags
r-devel-linux-x86_64-debian-clang 0.5.1 3.38 31.65 35.03 NOTE
r-devel-linux-x86_64-debian-gcc 0.5.1 2.36 24.16 26.52 NOTE
r-devel-linux-x86_64-fedora-clang 0.5.1 51.92 OK
r-devel-linux-x86_64-fedora-gcc 0.5.1 51.77 OK
r-devel-windows-x86_64 0.5.1 5.00 58.00 63.00 OK
r-patched-linux-x86_64 0.5.1 3.68 28.47 32.15 OK
r-release-linux-x86_64 0.5.1 3.17 28.39 31.56 OK
r-release-macos-arm64 0.5.1 20.00 OK
r-release-macos-x86_64 0.5.1 38.00 OK
r-release-windows-x86_64 0.5.1 5.00 56.00 61.00 OK
r-oldrel-macos-arm64 0.5.1 20.00 OK
r-oldrel-macos-x86_64 0.5.1 37.00 OK
r-oldrel-windows-x86_64 0.5.1 7.00 65.00 72.00 OK

Check Details

Version: 0.5.1
Check: CRAN incoming feasibility
Result: NOTE Maintainer: ‘Tyler Rinker <tyler.rinker@gmail.com>’ Package CITATION file contains call(s) to old-style citEntry(). Please use bibentry() instead. Flavors: r-devel-linux-x86_64-debian-clang, r-devel-linux-x86_64-debian-gcc

These binaries (installable software) and packages are in development.
They may not be fully stable and should be used with caution. We make no claims about them.