Last updated on 2025-05-01 15:49:38 CEST.
Flavor | Version | Tinstall | Tcheck | Ttotal | Status | Flags |
---|---|---|---|---|---|---|
r-devel-linux-x86_64-debian-clang | 0.5.1 | 3.41 | 30.84 | 34.25 | NOTE | |
r-devel-linux-x86_64-debian-gcc | 0.5.1 | 2.38 | 23.44 | 25.82 | NOTE | |
r-devel-linux-x86_64-fedora-clang | 0.5.1 | 50.92 | OK | |||
r-devel-linux-x86_64-fedora-gcc | 0.5.1 | 51.57 | OK | |||
r-devel-windows-x86_64 | 0.5.1 | 4.00 | 61.00 | 65.00 | OK | |
r-patched-linux-x86_64 | 0.5.1 | 4.15 | 28.18 | 32.33 | OK | |
r-release-linux-x86_64 | OK | |||||
r-release-macos-arm64 | 0.5.1 | 20.00 | OK | |||
r-release-macos-x86_64 | 0.5.1 | 38.00 | OK | |||
r-release-windows-x86_64 | 0.5.1 | 4.00 | 65.00 | 69.00 | OK | |
r-oldrel-macos-arm64 | 0.5.1 | 20.00 | OK | |||
r-oldrel-macos-x86_64 | 0.5.1 | 37.00 | OK | |||
r-oldrel-windows-x86_64 | 0.5.1 | 5.00 | 61.00 | 66.00 | OK |
Version: 0.5.1
Check: CRAN incoming feasibility
Result: NOTE
Maintainer: ‘Tyler Rinker <tyler.rinker@gmail.com>’
Package CITATION file contains call(s) to old-style citEntry(). Please
use bibentry() instead.
Flavors: r-devel-linux-x86_64-debian-clang, r-devel-linux-x86_64-debian-gcc
These binaries (installable software) and packages are in development.
They may not be fully stable and should be used with caution. We make no claims about them.