Last updated on 2025-02-16 08:50:56 CET.
Flavor | Version | Tinstall | Tcheck | Ttotal | Status | Flags |
---|---|---|---|---|---|---|
r-devel-linux-x86_64-debian-clang | 0.4.2 | 77.15 | 112.24 | 189.39 | OK | |
r-devel-linux-x86_64-debian-gcc | 0.4.2 | 55.90 | 79.39 | 135.29 | OK | |
r-devel-linux-x86_64-fedora-clang | 0.4.2 | 361.23 | OK | |||
r-devel-linux-x86_64-fedora-gcc | 0.4.2 | 362.37 | OK | |||
r-devel-macos-arm64 | 0.4.2 | 81.00 | OK | |||
r-devel-macos-x86_64 | 0.4.2 | 144.00 | OK | |||
r-devel-windows-x86_64 | 0.4.2 | 84.00 | 180.00 | 264.00 | OK | |
r-patched-linux-x86_64 | 0.4.2 | 77.37 | 107.00 | 184.37 | OK | |
r-release-linux-x86_64 | 0.4.2 | 78.76 | 106.66 | 185.42 | OK | |
r-release-macos-arm64 | 0.4.2 | 78.00 | NOTE | |||
r-release-macos-x86_64 | 0.4.2 | 109.00 | NOTE | |||
r-release-windows-x86_64 | 0.4.2 | 85.00 | 167.00 | 252.00 | OK | |
r-oldrel-macos-arm64 | 0.4.2 | 106.00 | NOTE | |||
r-oldrel-macos-x86_64 | 0.4.2 | 164.00 | NOTE | |||
r-oldrel-windows-x86_64 | 0.4.2 | 104.00 | 198.00 | 302.00 | OK |
Version: 0.4.2
Check: installed package size
Result: NOTE
installed size is 5.4Mb
sub-directories of 1Mb or more:
libs 5.2Mb
Flavors: r-release-macos-arm64, r-release-macos-x86_64, r-oldrel-macos-arm64, r-oldrel-macos-x86_64
These binaries (installable software) and packages are in development.
They may not be fully stable and should be used with caution. We make no claims about them.