Last updated on 2025-11-11 15:50:41 CET.
| Flavor | Version | Tinstall | Tcheck | Ttotal | Status | Flags |
|---|---|---|---|---|---|---|
| r-devel-linux-x86_64-debian-clang | 0.4.3 | 83.26 | 129.49 | 212.75 | OK | |
| r-devel-linux-x86_64-debian-gcc | 0.4.3 | 51.66 | 89.95 | 141.61 | OK | |
| r-devel-linux-x86_64-fedora-clang | 0.4.3 | 154.00 | 226.82 | 380.82 | OK | |
| r-devel-linux-x86_64-fedora-gcc | 0.4.3 | 100.00 | 281.27 | 381.27 | OK | |
| r-devel-windows-x86_64 | 0.4.3 | 96.00 | 185.00 | 281.00 | OK | |
| r-patched-linux-x86_64 | 0.4.3 | 82.22 | 124.44 | 206.66 | OK | |
| r-release-linux-x86_64 | 0.4.3 | 76.32 | 124.79 | 201.11 | OK | |
| r-release-macos-arm64 | 0.4.3 | 28.00 | 63.00 | 91.00 | OK | |
| r-release-macos-x86_64 | 0.4.3 | 33.00 | 117.00 | 150.00 | OK | |
| r-release-windows-x86_64 | 0.4.3 | 94.00 | 188.00 | 282.00 | OK | |
| r-oldrel-macos-arm64 | 0.4.3 | 34.00 | 70.00 | 104.00 | NOTE | |
| r-oldrel-macos-x86_64 | 0.4.3 | 32.00 | 116.00 | 148.00 | NOTE | |
| r-oldrel-windows-x86_64 | 0.4.3 | 113.00 | 216.00 | 329.00 | OK |
Version: 0.4.3
Check: installed package size
Result: NOTE
installed size is 5.6Mb
sub-directories of 1Mb or more:
libs 5.3Mb
Flavors: r-oldrel-macos-arm64, r-oldrel-macos-x86_64
These binaries (installable software) and packages are in development.
They may not be fully stable and should be used with caution. We make no claims about them.