Last updated on 2024-07-27 15:50:28 CEST.
Flavor | Version | Tinstall | Tcheck | Ttotal | Status | Flags |
---|---|---|---|---|---|---|
r-devel-linux-x86_64-debian-clang | 0.4.2 | 105.44 | 157.82 | 263.26 | OK | |
r-devel-linux-x86_64-debian-gcc | 0.4.2 | OK | ||||
r-devel-linux-x86_64-fedora-clang | 0.4.2 | 394.84 | OK | |||
r-devel-linux-x86_64-fedora-gcc | 0.4.2 | 359.46 | OK | |||
r-devel-windows-x86_64 | 0.4.2 | 88.00 | 169.00 | 257.00 | OK | |
r-patched-linux-x86_64 | 0.4.2 | OK | ||||
r-release-linux-x86_64 | 0.4.2 | 88.35 | 153.61 | 241.96 | OK | |
r-release-macos-arm64 | 0.4.2 | 78.00 | NOTE | |||
r-release-macos-x86_64 | 0.4.2 | 109.00 | NOTE | |||
r-release-windows-x86_64 | 0.4.2 | 104.00 | 172.00 | 276.00 | OK | |
r-oldrel-macos-arm64 | 0.4.2 | 106.00 | NOTE | |||
r-oldrel-macos-x86_64 | 0.4.2 | 164.00 | NOTE | |||
r-oldrel-windows-x86_64 | 0.4.2 | 103.00 | 198.00 | 301.00 | OK |
Version: 0.4.2
Check: installed package size
Result: NOTE
installed size is 5.4Mb
sub-directories of 1Mb or more:
libs 5.2Mb
Flavors: r-release-macos-arm64, r-release-macos-x86_64, r-oldrel-macos-arm64, r-oldrel-macos-x86_64
These binaries (installable software) and packages are in development.
They may not be fully stable and should be used with caution. We make no claims about them.