Last updated on 2025-07-02 01:51:45 CEST.
Flavor | Version | Tinstall | Tcheck | Ttotal | Status | Flags |
---|---|---|---|---|---|---|
r-devel-linux-x86_64-debian-clang | 0.1.63 | 14.81 | 255.67 | 270.48 | OK | |
r-devel-linux-x86_64-debian-gcc | 0.1.63 | 10.19 | 183.17 | 193.36 | OK | |
r-devel-linux-x86_64-fedora-clang | 0.1.63 | 408.93 | OK | |||
r-devel-linux-x86_64-fedora-gcc | 0.1.63 | 398.55 | OK | |||
r-devel-windows-x86_64 | 0.1.63 | 17.00 | 231.00 | 248.00 | OK | |
r-patched-linux-x86_64 | OK | |||||
r-release-linux-x86_64 | 0.1.63 | 14.66 | 240.31 | 254.97 | OK | |
r-release-macos-arm64 | 0.1.63 | 107.00 | OK | |||
r-release-macos-x86_64 | 0.1.63 | 243.00 | OK | |||
r-release-windows-x86_64 | 0.1.63 | 17.00 | 231.00 | 248.00 | OK | |
r-oldrel-macos-arm64 | 0.1.63 | 116.00 | NOTE | |||
r-oldrel-macos-x86_64 | 0.1.63 | 218.00 | NOTE | |||
r-oldrel-windows-x86_64 | 0.1.63 | 21.00 | 301.00 | 322.00 | NOTE |
Version: 0.1.63
Check: installed package size
Result: NOTE
installed size is 5.7Mb
sub-directories of 1Mb or more:
extdata 4.8Mb
Flavors: r-oldrel-macos-arm64, r-oldrel-macos-x86_64, r-oldrel-windows-x86_64
These binaries (installable software) and packages are in development.
They may not be fully stable and should be used with caution. We make no claims about them.