CRAN Package Check Results for Package pageviews

Last updated on 2025-05-01 15:49:38 CEST.

Flavor Version Tinstall Tcheck Ttotal Status Flags
r-devel-linux-x86_64-debian-clang 0.6.0 1.74 25.23 26.97 NOTE
r-devel-linux-x86_64-debian-gcc 0.6.0 1.32 20.01 21.33 NOTE
r-devel-linux-x86_64-fedora-clang 0.6.0 41.89 OK
r-devel-linux-x86_64-fedora-gcc 0.6.0 40.69 OK
r-devel-windows-x86_64 0.6.0 4.00 54.00 58.00 OK
r-patched-linux-x86_64 0.6.0 2.08 24.57 26.65 OK
r-release-linux-x86_64 OK
r-release-macos-arm64 0.6.0 29.00 OK
r-release-macos-x86_64 0.6.0 41.00 OK
r-release-windows-x86_64 0.6.0 3.00 58.00 61.00 OK
r-oldrel-macos-arm64 0.6.0 30.00 OK
r-oldrel-macos-x86_64 0.6.0 39.00 OK
r-oldrel-windows-x86_64 0.6.0 4.00 55.00 59.00 OK

Check Details

Version: 0.6.0
Check: CRAN incoming feasibility
Result: NOTE Maintainer: ‘Os Keyes <ironholds@gmail.com>’ No Authors@R field in DESCRIPTION. Please add one, modifying Authors@R: c(person(given = "Os", family = "Keyes", role = c("aut", "cre"), email = "ironholds@gmail.com"), person(given = "Jeremiah", family = "Lewis", role = "ctb")) as necessary. The BugReports field in DESCRIPTION has https://github.com/ironholds/pageviews which should likely be https://github.com/ironholds/pageviews/issues instead. Flavors: r-devel-linux-x86_64-debian-clang, r-devel-linux-x86_64-debian-gcc

These binaries (installable software) and packages are in development.
They may not be fully stable and should be used with caution. We make no claims about them.