CRAN Package Check Results for Package pagoda2

Last updated on 2025-02-16 08:50:56 CET.

Flavor Version Tinstall Tcheck Ttotal Status Flags
r-devel-linux-x86_64-debian-clang 1.0.12 112.95 113.05 226.00 OK
r-devel-linux-x86_64-debian-gcc 1.0.12 82.81 80.53 163.34 OK
r-devel-macos-arm64 1.0.12 87.00 OK
r-devel-macos-x86_64 1.0.12 148.00 OK
r-devel-windows-x86_64 1.0.12 121.00 145.00 266.00 OK
r-patched-linux-x86_64 1.0.12 112.96 105.36 218.32 OK
r-release-linux-x86_64 1.0.12 111.85 105.13 216.98 OK
r-release-macos-arm64 1.0.12 95.00 NOTE
r-release-macos-x86_64 1.0.12 105.00 NOTE
r-release-windows-x86_64 1.0.12 123.00 148.00 271.00 OK
r-oldrel-macos-arm64 1.0.12 107.00 NOTE
r-oldrel-macos-x86_64 1.0.12 153.00 NOTE
r-oldrel-windows-x86_64 1.0.12 155.00 177.00 332.00 OK

Check Details

Version: 1.0.12
Check: package dependencies
Result: NOTE Packages suggested but not available for checking: 'org.Dr.eg.db', 'org.Mm.eg.db' Flavor: r-release-macos-arm64

Version: 1.0.12
Check: installed package size
Result: NOTE installed size is 6.8Mb sub-directories of 1Mb or more: libs 5.0Mb Flavors: r-release-macos-arm64, r-release-macos-x86_64, r-oldrel-macos-arm64, r-oldrel-macos-x86_64

Version: 1.0.12
Check: package dependencies
Result: NOTE Package suggested but not available for checking: ‘scde’ Flavor: r-oldrel-macos-arm64

Version: 1.0.12
Check: package dependencies
Result: NOTE Packages suggested but not available for checking: 'org.Dr.eg.db', 'org.Mm.eg.db', 'scde' Flavor: r-oldrel-macos-x86_64

These binaries (installable software) and packages are in development.
They may not be fully stable and should be used with caution. We make no claims about them.