CRAN Package Check Results for Package pagoda2

Last updated on 2025-07-12 19:50:08 CEST.

Flavor Version Tinstall Tcheck Ttotal Status Flags
r-devel-linux-x86_64-debian-clang 1.0.12 108.03 120.68 228.71 OK
r-devel-linux-x86_64-debian-gcc 1.0.12 81.55 83.00 164.55 OK
r-devel-windows-x86_64 1.0.12 126.00 143.00 269.00 OK
r-patched-linux-x86_64 1.0.12 118.32 112.59 230.91 OK
r-release-linux-x86_64 1.0.12 114.49 112.32 226.81 OK
r-release-macos-arm64 1.0.12 86.00 OK
r-release-macos-x86_64 1.0.12 148.00 OK
r-release-windows-x86_64 1.0.12 127.00 147.00 274.00 OK
r-oldrel-macos-arm64 1.0.12 95.00 NOTE
r-oldrel-macos-x86_64 1.0.12 105.00 NOTE
r-oldrel-windows-x86_64 1.0.12 163.00 188.00 351.00 OK

Check Details

Version: 1.0.12
Check: package dependencies
Result: NOTE Packages suggested but not available for checking: 'org.Dr.eg.db', 'org.Mm.eg.db' Flavor: r-oldrel-macos-arm64

Version: 1.0.12
Check: installed package size
Result: NOTE installed size is 6.8Mb sub-directories of 1Mb or more: libs 5.0Mb Flavors: r-oldrel-macos-arm64, r-oldrel-macos-x86_64

These binaries (installable software) and packages are in development.
They may not be fully stable and should be used with caution. We make no claims about them.