Last updated on 2025-11-16 21:49:54 CET.
| Flavor | Version | Tinstall | Tcheck | Ttotal | Status | Flags |
|---|---|---|---|---|---|---|
| r-devel-linux-x86_64-debian-clang | 1.0.1 | 1.48 | 23.17 | 24.65 | NOTE | |
| r-devel-linux-x86_64-debian-gcc | 1.0.1 | 1.42 | 19.42 | 20.84 | NOTE | |
| r-devel-linux-x86_64-fedora-clang | 1.0.1 | 35.52 | OK | |||
| r-devel-linux-x86_64-fedora-gcc | 1.0.1 | 36.21 | OK | |||
| r-devel-windows-x86_64 | 1.0.1 | 4.00 | 41.00 | 45.00 | OK | |
| r-patched-linux-x86_64 | 1.0.1 | 1.61 | 21.14 | 22.75 | OK | |
| r-release-linux-x86_64 | 1.0.1 | 1.72 | 21.04 | 22.76 | OK | |
| r-release-macos-arm64 | 1.0.1 | 1.00 | 16.00 | 17.00 | OK | |
| r-release-macos-x86_64 | 1.0.1 | 2.00 | 23.00 | 25.00 | OK | |
| r-release-windows-x86_64 | 1.0.1 | 4.00 | 41.00 | 45.00 | OK | |
| r-oldrel-macos-arm64 | 1.0.1 | 1.00 | 15.00 | 16.00 | OK | |
| r-oldrel-macos-x86_64 | 1.0.1 | 2.00 | 19.00 | 21.00 | OK | |
| r-oldrel-windows-x86_64 | 1.0.1 | 4.00 | 47.00 | 51.00 | OK |
Version: 1.0.1
Check: CRAN incoming feasibility
Result: NOTE
Maintainer: ‘Steve Haroz <painbow@steveharoz.com>’
No Authors@R field in DESCRIPTION.
Please add one, modifying
Authors@R: person(given = "Steve",
family = "Haroz",
role = c("aut", "cre"),
email = "painbow@steveharoz.com")
as necessary.
The BugReports field in DESCRIPTION has
https://github.com/steveharoz/painbow/issues/new
which should likely be
https://github.com/steveharoz/painbow/issues/new/issues
instead.
Flavor: r-devel-linux-x86_64-debian-clang
Version: 1.0.1
Check: CRAN incoming feasibility
Result: NOTE
Maintainer: ‘Steve Haroz <painbow@steveharoz.com>’
No Authors@R field in DESCRIPTION.
Please add one, modifying
Authors@R: person(given = "Steve",
family = "Haroz",
role = c("aut", "cre"),
email = "painbow@steveharoz.com")
as necessary.
Flavor: r-devel-linux-x86_64-debian-gcc
These binaries (installable software) and packages are in development.
They may not be fully stable and should be used with caution. We make no claims about them.