CRAN Package Check Results for Package painbow

Last updated on 2025-05-03 22:50:02 CEST.

Flavor Version Tinstall Tcheck Ttotal Status Flags
r-devel-linux-x86_64-debian-clang 1.0.1 1.70 21.24 22.94 NOTE
r-devel-linux-x86_64-debian-gcc 1.0.1 1.56 16.99 18.55 NOTE
r-devel-linux-x86_64-fedora-clang 1.0.1 34.17 OK
r-devel-linux-x86_64-fedora-gcc 1.0.1 32.40 OK
r-devel-windows-x86_64 1.0.1 4.00 41.00 45.00 OK
r-patched-linux-x86_64 1.0.1 1.73 19.67 21.40 OK
r-release-linux-x86_64 OK
r-release-macos-arm64 1.0.1 17.00 OK
r-release-macos-x86_64 1.0.1 25.00 OK
r-release-windows-x86_64 1.0.1 4.00 42.00 46.00 OK
r-oldrel-macos-arm64 1.0.1 16.00 OK
r-oldrel-macos-x86_64 1.0.1 21.00 OK
r-oldrel-windows-x86_64 1.0.1 4.00 48.00 52.00 OK

Check Details

Version: 1.0.1
Check: CRAN incoming feasibility
Result: NOTE Maintainer: ‘Steve Haroz <painbow@steveharoz.com>’ No Authors@R field in DESCRIPTION. Please add one, modifying Authors@R: person(given = "Steve", family = "Haroz", role = c("aut", "cre"), email = "painbow@steveharoz.com") as necessary. The BugReports field in DESCRIPTION has https://github.com/steveharoz/painbow/issues/new which should likely be https://github.com/steveharoz/painbow/issues/new/issues instead. Flavors: r-devel-linux-x86_64-debian-clang, r-devel-linux-x86_64-debian-gcc

These binaries (installable software) and packages are in development.
They may not be fully stable and should be used with caution. We make no claims about them.