CRAN Package Check Results for Package painter

Last updated on 2025-11-11 15:50:41 CET.

Flavor Version Tinstall Tcheck Ttotal Status Flags
r-devel-linux-x86_64-debian-clang 0.1.0 1.82 19.15 20.97 OK
r-devel-linux-x86_64-debian-gcc 0.1.0 1.45 15.62 17.07 OK
r-devel-linux-x86_64-fedora-clang 0.1.0 30.36 OK
r-devel-linux-x86_64-fedora-gcc 0.1.0 30.03 OK
r-devel-windows-x86_64 0.1.0 3.00 33.00 36.00 OK
r-patched-linux-x86_64 0.1.0 1.86 18.16 20.02 OK
r-release-linux-x86_64 0.1.0 1.87 18.02 19.89 OK
r-release-macos-arm64 0.1.0 1.00 14.00 15.00 OK
r-release-macos-x86_64 0.1.0 2.00 20.00 22.00 OK
r-release-windows-x86_64 0.1.0 2.00 34.00 36.00 OK
r-oldrel-macos-arm64 0.1.0 1.00 13.00 14.00 NOTE
r-oldrel-macos-x86_64 0.1.0 1.00 17.00 18.00 NOTE
r-oldrel-windows-x86_64 0.1.0 3.00 36.00 39.00 NOTE

Check Details

Version: 0.1.0
Check: LazyData
Result: NOTE 'LazyData' is specified without a 'data' directory Flavors: r-oldrel-macos-arm64, r-oldrel-macos-x86_64, r-oldrel-windows-x86_64

These binaries (installable software) and packages are in development.
They may not be fully stable and should be used with caution. We make no claims about them.