Last updated on 2025-07-25 13:50:27 CEST.
Flavor | Version | Tinstall | Tcheck | Ttotal | Status | Flags |
---|---|---|---|---|---|---|
r-devel-linux-x86_64-debian-clang | 0.6.1-0 | 6.75 | 70.88 | 77.63 | NOTE | |
r-devel-linux-x86_64-debian-gcc | 0.6.1-0 | 4.40 | 51.91 | 56.31 | NOTE | |
r-devel-linux-x86_64-fedora-clang | 0.6.1-0 | 119.63 | OK | |||
r-devel-linux-x86_64-fedora-gcc | 0.6.1-0 | 128.56 | OK | |||
r-devel-windows-x86_64 | 0.6.1-0 | 9.00 | 126.00 | 135.00 | OK | |
r-patched-linux-x86_64 | 0.6.1-0 | 7.62 | 67.81 | 75.43 | OK | |
r-release-linux-x86_64 | 0.6.1-0 | 5.98 | 67.92 | 73.90 | OK | |
r-release-macos-arm64 | 0.6.1-0 | 43.00 | OK | |||
r-release-macos-x86_64 | 0.6.1-0 | 108.00 | OK | |||
r-release-windows-x86_64 | 0.6.1-0 | 7.00 | 113.00 | 120.00 | OK | |
r-oldrel-macos-arm64 | 0.6.1-0 | 40.00 | OK | |||
r-oldrel-macos-x86_64 | 0.6.1-0 | 58.00 | OK | |||
r-oldrel-windows-x86_64 | 0.6.1-0 | 7.00 | 124.00 | 131.00 | OK |
Version: 0.6.1-0
Check: CRAN incoming feasibility
Result: NOTE
Maintainer: ‘Joerg-Henrik Heine <jhheine@googlemail.com>’
No Authors@R field in DESCRIPTION.
Please add one, modifying
Authors@R: person(given = "Joerg-Henrik",
family = "Heine",
role = c("aut", "cre"),
email = "jhheine@googlemail.com")
as necessary.
Flavors: r-devel-linux-x86_64-debian-clang, r-devel-linux-x86_64-debian-gcc
These binaries (installable software) and packages are in development.
They may not be fully stable and should be used with caution. We make no claims about them.