CRAN Package Check Results for Package pairwise

Last updated on 2025-05-01 17:56:10 CEST.

Flavor Version Tinstall Tcheck Ttotal Status Flags
r-devel-linux-x86_64-debian-clang 0.6.1-0 5.89 70.89 76.78 NOTE
r-devel-linux-x86_64-debian-gcc 0.6.1-0 4.41 51.33 55.74 NOTE
r-devel-linux-x86_64-fedora-clang 0.6.1-0 120.65 OK
r-devel-linux-x86_64-fedora-gcc 0.6.1-0 132.85 OK
r-devel-windows-x86_64 0.6.1-0 8.00 118.00 126.00 OK
r-patched-linux-x86_64 0.6.1-0 7.21 67.31 74.52 OK
r-release-linux-x86_64 OK
r-release-macos-arm64 0.6.1-0 43.00 OK
r-release-macos-x86_64 0.6.1-0 108.00 OK
r-release-windows-x86_64 0.6.1-0 7.00 121.00 128.00 OK
r-oldrel-macos-arm64 0.6.1-0 40.00 OK
r-oldrel-macos-x86_64 0.6.1-0 58.00 OK
r-oldrel-windows-x86_64 0.6.1-0 9.00 123.00 132.00 OK

Check Details

Version: 0.6.1-0
Check: CRAN incoming feasibility
Result: NOTE Maintainer: ‘Joerg-Henrik Heine <jhheine@googlemail.com>’ No Authors@R field in DESCRIPTION. Please add one, modifying Authors@R: person(given = "Joerg-Henrik", family = "Heine", role = c("aut", "cre"), email = "jhheine@googlemail.com") as necessary. Flavors: r-devel-linux-x86_64-debian-clang, r-devel-linux-x86_64-debian-gcc

Version: 0.6.1-0
Check: examples
Result: NOTE Examples with CPU (user + system) or elapsed time > 5s user system elapsed pairSE 4.639 0.01 5.784 Flavor: r-devel-linux-x86_64-debian-clang

These binaries (installable software) and packages are in development.
They may not be fully stable and should be used with caution. We make no claims about them.