Last updated on 2025-07-26 01:50:58 CEST.
Flavor | Version | Tinstall | Tcheck | Ttotal | Status | Flags |
---|---|---|---|---|---|---|
r-devel-linux-x86_64-debian-clang | 0.9.0 | 212.79 | 61.08 | 273.87 | OK | |
r-devel-linux-x86_64-debian-gcc | 0.9.0 | 158.98 | 45.53 | 204.51 | OK | |
r-devel-linux-x86_64-fedora-clang | 0.9.0 | 427.27 | OK | |||
r-devel-linux-x86_64-fedora-gcc | 0.9.0 | 459.81 | OK | |||
r-devel-windows-x86_64 | 0.9.0 | 530.00 | 83.00 | 613.00 | OK | |
r-patched-linux-x86_64 | 0.9.0 | 215.37 | 56.07 | 271.44 | OK | |
r-release-linux-x86_64 | 0.9.0 | 209.74 | 55.33 | 265.07 | OK | |
r-release-macos-arm64 | 0.9.0 | 180.00 | OK | |||
r-release-macos-x86_64 | 0.9.0 | 317.00 | OK | |||
r-release-windows-x86_64 | 0.9.0 | 518.00 | 86.00 | 604.00 | OK | |
r-oldrel-macos-arm64 | 0.9.0 | 156.00 | NOTE | |||
r-oldrel-macos-x86_64 | 0.9.0 | 329.00 | NOTE | |||
r-oldrel-windows-x86_64 | 0.9.0 | 528.00 | 99.00 | 627.00 | NOTE |
Version: 0.9.0
Check: installed package size
Result: NOTE
installed size is 12.4Mb
sub-directories of 1Mb or more:
library 11.5Mb
Flavors: r-oldrel-macos-arm64, r-oldrel-macos-x86_64, r-oldrel-windows-x86_64
These binaries (installable software) and packages are in development.
They may not be fully stable and should be used with caution. We make no claims about them.