Last updated on 2025-11-11 15:50:41 CET.
| Flavor | Version | Tinstall | Tcheck | Ttotal | Status | Flags |
|---|---|---|---|---|---|---|
| r-devel-linux-x86_64-debian-clang | 1.0.0 | 6.26 | 64.91 | 71.17 | OK | |
| r-devel-linux-x86_64-debian-gcc | 1.0.0 | 4.73 | 49.24 | 53.97 | OK | |
| r-devel-linux-x86_64-fedora-clang | 1.0.0 | 15.00 | 97.55 | 112.55 | OK | |
| r-devel-linux-x86_64-fedora-gcc | 1.0.0 | 15.00 | 117.71 | 132.71 | OK | |
| r-devel-windows-x86_64 | 1.0.0 | 8.00 | 75.00 | 83.00 | OK | |
| r-patched-linux-x86_64 | 1.0.0 | 7.09 | 60.32 | 67.41 | OK | |
| r-release-linux-x86_64 | 1.0.0 | 6.59 | 59.92 | 66.51 | OK | |
| r-release-macos-arm64 | 1.0.0 | 4.00 | 50.00 | 54.00 | OK | |
| r-release-macos-x86_64 | 1.0.0 | 6.00 | 84.00 | 90.00 | OK | |
| r-release-windows-x86_64 | 1.0.0 | 7.00 | 77.00 | 84.00 | OK | |
| r-oldrel-macos-arm64 | 1.0.0 | 3.00 | 57.00 | 60.00 | NOTE | |
| r-oldrel-macos-x86_64 | 1.0.0 | 12.00 | 87.00 | 99.00 | NOTE | |
| r-oldrel-windows-x86_64 | 1.0.0 | 11.00 | 91.00 | 102.00 | NOTE |
Version: 1.0.0
Check: package dependencies
Result: NOTE
Package suggested but not available for checking: ‘CorShrink’
Flavors: r-oldrel-macos-arm64, r-oldrel-macos-x86_64, r-oldrel-windows-x86_64
These binaries (installable software) and packages are in development.
They may not be fully stable and should be used with caution. We make no claims about them.