CRAN Package Check Results for Package paleobioDB

Last updated on 2025-05-08 04:52:13 CEST.

Flavor Version Tinstall Tcheck Ttotal Status Flags
r-devel-linux-x86_64-debian-clang 1.0.0 19.68 197.85 217.53 NOTE
r-devel-linux-x86_64-debian-gcc 1.0.0 14.21 123.05 137.26 NOTE
r-devel-linux-x86_64-fedora-clang 1.0.0 343.81 OK
r-devel-linux-x86_64-fedora-gcc 1.0.0 326.87 OK
r-devel-windows-x86_64 1.0.0 16.00 155.00 171.00 NOTE
r-patched-linux-x86_64 1.0.0 21.10 183.62 204.72 NOTE
r-release-linux-x86_64 1.0.0 19.39 184.20 203.59 NOTE
r-release-macos-arm64 1.0.0 66.00 OK
r-release-macos-x86_64 1.0.0 157.00 OK
r-release-windows-x86_64 1.0.0 21.00 161.00 182.00 NOTE
r-oldrel-macos-arm64 1.0.0 62.00 OK
r-oldrel-macos-x86_64 1.0.0 99.00 OK
r-oldrel-windows-x86_64 1.0.0 19.00 212.00 231.00 OK

Check Details

Version: 1.0.0
Check: Rd cross-references
Result: NOTE Found the following Rd file(s) with Rd \link{} targets missing package anchors: pbdb_map.Rd: map pbdb_map_occur.Rd: map pbdb_map_richness.Rd: map Please provide package anchors for all Rd \link{} targets not in the package itself and the base packages. Flavors: r-devel-linux-x86_64-debian-clang, r-devel-linux-x86_64-debian-gcc, r-devel-windows-x86_64, r-patched-linux-x86_64, r-release-linux-x86_64, r-release-windows-x86_64

These binaries (installable software) and packages are in development.
They may not be fully stable and should be used with caution. We make no claims about them.