CRAN Package Check Results for Package paleomorph

Last updated on 2025-05-03 22:50:02 CEST.

Flavor Version Tinstall Tcheck Ttotal Status Flags
r-devel-linux-x86_64-debian-clang 0.1.4 2.29 32.67 34.96 NOTE
r-devel-linux-x86_64-debian-gcc 0.1.4 1.69 23.28 24.97 NOTE
r-devel-linux-x86_64-fedora-clang 0.1.4 55.14 OK
r-devel-linux-x86_64-fedora-gcc 0.1.4 53.44 OK
r-devel-windows-x86_64 0.1.4 4.00 50.00 54.00 OK
r-patched-linux-x86_64 0.1.4 2.15 30.55 32.70 OK
r-release-linux-x86_64 OK
r-release-macos-arm64 0.1.4 20.00 OK
r-release-macos-x86_64 0.1.4 34.00 OK
r-release-windows-x86_64 0.1.4 4.00 52.00 56.00 OK
r-oldrel-macos-arm64 0.1.4 19.00 NOTE
r-oldrel-macos-x86_64 0.1.4 25.00 NOTE
r-oldrel-windows-x86_64 0.1.4 4.00 58.00 62.00 NOTE

Check Details

Version: 0.1.4
Check: CRAN incoming feasibility
Result: NOTE Maintainer: ‘Tim Lucas <timcdlucas@gmail.com>’ No Authors@R field in DESCRIPTION. Please add one, modifying Authors@R: c(person(given = "Tim", family = "Lucas", role = c("aut", "cre"), email = "timcdlucas@gmail.com"), person(given = "Anjali", family = "Goswami", role = "aut")) as necessary. Flavors: r-devel-linux-x86_64-debian-clang, r-devel-linux-x86_64-debian-gcc

Version: 0.1.4
Check: LazyData
Result: NOTE 'LazyData' is specified without a 'data' directory Flavors: r-oldrel-macos-arm64, r-oldrel-macos-x86_64, r-oldrel-windows-x86_64

These binaries (installable software) and packages are in development.
They may not be fully stable and should be used with caution. We make no claims about them.