Last updated on 2025-10-23 17:50:56 CEST.
Flavor | Version | Tinstall | Tcheck | Ttotal | Status | Flags |
---|---|---|---|---|---|---|
r-devel-linux-x86_64-debian-clang | 3.4.7 | 26.19 | 342.42 | 368.61 | NOTE | |
r-devel-linux-x86_64-debian-gcc | 3.4.7 | 16.26 | 204.84 | 221.10 | NOTE | |
r-devel-linux-x86_64-fedora-clang | 3.4.7 | 51.00 | 524.48 | 575.48 | OK | |
r-devel-linux-x86_64-fedora-gcc | 3.4.7 | 47.00 | 498.34 | 545.34 | OK | |
r-devel-windows-x86_64 | 3.4.7 | 26.00 | 308.00 | 334.00 | OK | |
r-patched-linux-x86_64 | 3.4.7 | 27.20 | 320.70 | 347.90 | OK | |
r-release-linux-x86_64 | 3.4.7 | 23.56 | 320.99 | 344.55 | OK | |
r-release-macos-arm64 | 3.4.7 | 10.00 | 123.00 | 133.00 | OK | |
r-release-macos-x86_64 | 3.4.7 | 25.00 | 299.00 | 324.00 | OK | |
r-release-windows-x86_64 | 3.4.7 | 29.00 | 310.00 | 339.00 | OK | |
r-oldrel-macos-arm64 | 3.4.7 | 11.00 | 117.00 | 128.00 | OK | |
r-oldrel-macos-x86_64 | 3.4.7 | 31.00 | 348.00 | 379.00 | OK | |
r-oldrel-windows-x86_64 | 3.4.7 | 37.00 | 416.00 | 453.00 | OK |
Version: 3.4.7
Check: CRAN incoming feasibility
Result: NOTE
Maintainer: ‘David W. Bapst <dwbapst@gmail.com>’
No Authors@R field in DESCRIPTION.
Please add one, modifying
Authors@R: c(person(given = c("David", "W."),
family = "Bapst",
role = c("aut", "cre"),
email = "dwbapst@gmail.com"),
person(given = c("Peter", "J."),
family = "Wagner",
role = "aut"))
as necessary.
Flavors: r-devel-linux-x86_64-debian-clang, r-devel-linux-x86_64-debian-gcc
These binaries (installable software) and packages are in development.
They may not be fully stable and should be used with caution. We make no claims about them.