CRAN Package Check Results for Package palette

Last updated on 2025-05-08 04:52:13 CEST.

Flavor Version Tinstall Tcheck Ttotal Status Flags
r-devel-linux-x86_64-debian-clang 0.0.2 3.66 35.08 38.74 NOTE
r-devel-linux-x86_64-debian-gcc 0.0.2 2.47 27.19 29.66 NOTE
r-devel-linux-x86_64-fedora-clang 0.0.2 57.90 NOTE
r-devel-linux-x86_64-fedora-gcc 0.0.2 55.75 NOTE
r-devel-windows-x86_64 0.0.2 5.00 53.00 58.00 NOTE
r-patched-linux-x86_64 0.0.2 3.49 32.79 36.28 NOTE
r-release-linux-x86_64 0.0.2 3.12 32.56 35.68 NOTE
r-release-macos-arm64 0.0.2 24.00 NOTE
r-release-macos-x86_64 0.0.2 40.00 NOTE
r-release-windows-x86_64 0.0.2 5.00 56.00 61.00 NOTE
r-oldrel-macos-arm64 0.0.2 26.00 OK
r-oldrel-macos-x86_64 0.0.2 31.00 OK
r-oldrel-windows-x86_64 0.0.2 6.00 61.00 67.00 OK

Check Details

Version: 0.0.2
Check: DESCRIPTION meta-information
Result: NOTE Missing dependency on R >= 4.1.0 because package code uses the pipe |> or function shorthand \(...) syntax added in R 4.1.0. File(s) using such syntax: ‘utils.R’ Flavors: r-devel-linux-x86_64-debian-clang, r-devel-linux-x86_64-debian-gcc, r-devel-linux-x86_64-fedora-clang, r-devel-linux-x86_64-fedora-gcc, r-devel-windows-x86_64, r-patched-linux-x86_64, r-release-linux-x86_64, r-release-macos-arm64, r-release-macos-x86_64, r-release-windows-x86_64

These binaries (installable software) and packages are in development.
They may not be fully stable and should be used with caution. We make no claims about them.