CRAN Package Check Results for Package palettetown

Last updated on 2025-05-07 15:49:24 CEST.

Flavor Version Tinstall Tcheck Ttotal Status Flags
r-devel-linux-x86_64-debian-clang 0.1.1 1.75 19.93 21.68 NOTE
r-devel-linux-x86_64-debian-gcc 0.1.1 1.47 15.56 17.03 NOTE
r-devel-linux-x86_64-fedora-clang 0.1.1 32.61 OK
r-devel-linux-x86_64-fedora-gcc 0.1.1 31.74 OK
r-devel-windows-x86_64 0.1.1 2.00 41.00 43.00 OK
r-patched-linux-x86_64 0.1.1 1.89 18.77 20.66 OK
r-release-linux-x86_64 0.1.1 1.66 18.55 20.21 OK
r-release-macos-arm64 0.1.1 16.00 OK
r-release-macos-x86_64 0.1.1 24.00 OK
r-release-windows-x86_64 0.1.1 4.00 40.00 44.00 OK
r-oldrel-macos-arm64 0.1.1 14.00 OK
r-oldrel-macos-x86_64 0.1.1 21.00 OK
r-oldrel-windows-x86_64 0.1.1 3.00 45.00 48.00 OK

Check Details

Version: 0.1.1
Check: CRAN incoming feasibility
Result: NOTE Maintainer: ‘Tim Lucas <timcdlucas@gmail.com>’ No Authors@R field in DESCRIPTION. Please add one, modifying Authors@R: person(given = "Tim", family = "Lucas", role = c("aut", "cre"), email = "timcdlucas@gmail.com") as necessary. Flavors: r-devel-linux-x86_64-debian-clang, r-devel-linux-x86_64-debian-gcc

These binaries (installable software) and packages are in development.
They may not be fully stable and should be used with caution. We make no claims about them.