CRAN Package Check Results for Package palettetown

Last updated on 2025-07-01 17:55:23 CEST.

Flavor Version Tinstall Tcheck Ttotal Status Flags
r-devel-linux-x86_64-debian-clang 0.1.1 1.73 19.85 21.58 NOTE
r-devel-linux-x86_64-debian-gcc 0.1.1 1.36 16.15 17.51 NOTE
r-devel-linux-x86_64-fedora-clang 0.1.1 34.40 OK
r-devel-linux-x86_64-fedora-gcc 0.1.1 30.48 OK
r-devel-windows-x86_64 0.1.1 2.00 41.00 43.00 OK
r-patched-linux-x86_64 OK
r-release-linux-x86_64 0.1.1 1.73 18.86 20.59 OK
r-release-macos-arm64 0.1.1 16.00 OK
r-release-macos-x86_64 0.1.1 24.00 OK
r-release-windows-x86_64 0.1.1 4.00 42.00 46.00 OK
r-oldrel-macos-arm64 0.1.1 14.00 OK
r-oldrel-macos-x86_64 0.1.1 21.00 OK
r-oldrel-windows-x86_64 0.1.1 3.00 45.00 48.00 OK

Check Details

Version: 0.1.1
Check: CRAN incoming feasibility
Result: NOTE Maintainer: ‘Tim Lucas <timcdlucas@gmail.com>’ No Authors@R field in DESCRIPTION. Please add one, modifying Authors@R: person(given = "Tim", family = "Lucas", role = c("aut", "cre"), email = "timcdlucas@gmail.com") as necessary. Flavors: r-devel-linux-x86_64-debian-clang, r-devel-linux-x86_64-debian-gcc

These binaries (installable software) and packages are in development.
They may not be fully stable and should be used with caution. We make no claims about them.