Last updated on 2025-10-23 23:49:39 CEST.
| Flavor | Version | Tinstall | Tcheck | Ttotal | Status | Flags |
|---|---|---|---|---|---|---|
| r-devel-linux-x86_64-debian-clang | 1.0 | 3.19 | 32.70 | 35.89 | OK | |
| r-devel-linux-x86_64-debian-gcc | 1.0 | 2.29 | 23.25 | 25.54 | NOTE | |
| r-devel-linux-x86_64-fedora-clang | 1.0 | 53.19 | OK | |||
| r-devel-linux-x86_64-fedora-gcc | 1.0 | 51.37 | OK | |||
| r-devel-windows-x86_64 | 1.0 | 5.00 | 50.00 | 55.00 | OK | |
| r-patched-linux-x86_64 | 1.0 | 3.05 | 30.03 | 33.08 | OK | |
| r-release-linux-x86_64 | 1.0 | 3.26 | 30.13 | 33.39 | OK | |
| r-release-macos-arm64 | 1.0 | 2.00 | 18.00 | 20.00 | OK | |
| r-release-macos-x86_64 | 1.0 | 4.00 | 35.00 | 39.00 | OK | |
| r-release-windows-x86_64 | 1.0 | 4.00 | 55.00 | 59.00 | OK | |
| r-oldrel-macos-arm64 | 1.0 | 1.00 | 22.00 | 23.00 | OK | |
| r-oldrel-macos-x86_64 | 1.0 | 4.00 | 28.00 | 32.00 | OK | |
| r-oldrel-windows-x86_64 | 1.0 | 6.00 | 50.00 | 56.00 | OK |
Version: 1.0
Check: Rd files
Result: NOTE
checkRd: (-1) astro.Rd:25-27: Only 2 columns allowed in this table (row 3 has 1)
Flavor: r-devel-linux-x86_64-debian-gcc
These binaries (installable software) and packages are in development.
They may not be fully stable and should be used with caution. We make no claims about them.