CRAN Package Check Results for Package palmerpenguins

Last updated on 2025-10-03 03:50:50 CEST.

Flavor Version Tinstall Tcheck Ttotal Status Flags
r-devel-linux-x86_64-debian-clang 0.1.1 1.62 22.05 23.67 NOTE
r-devel-linux-x86_64-debian-gcc 0.1.1 1.28 17.82 19.10 NOTE
r-devel-linux-x86_64-fedora-clang 0.1.1 35.05 OK
r-devel-linux-x86_64-fedora-gcc 0.1.1 32.97 OK
r-devel-windows-x86_64 0.1.1 4.00 41.00 45.00 OK
r-patched-linux-x86_64 0.1.1 1.56 19.81 21.37 OK
r-release-linux-x86_64 0.1.1 1.60 19.82 21.42 OK
r-release-macos-arm64 0.1.1 16.00 OK
r-release-macos-x86_64 0.1.1 32.00 OK
r-release-windows-x86_64 0.1.1 5.00 41.00 46.00 OK
r-oldrel-macos-arm64 0.1.1 22.00 OK
r-oldrel-macos-x86_64 0.1.1 20.00 OK
r-oldrel-windows-x86_64 0.1.1 9.00 45.00 54.00 OK

Check Details

Version: 0.1.1
Check: CRAN incoming feasibility
Result: NOTE Maintainer: ‘Allison Horst <ahorst@ucsb.edu>’ Package CITATION file contains call(s) to old-style citEntry(). Please use bibentry() instead. Flavors: r-devel-linux-x86_64-debian-clang, r-devel-linux-x86_64-debian-gcc

These binaries (installable software) and packages are in development.
They may not be fully stable and should be used with caution. We make no claims about them.