Last updated on 2025-02-16 08:50:56 CET.
Flavor | Version | Tinstall | Tcheck | Ttotal | Status | Flags |
---|---|---|---|---|---|---|
r-devel-linux-x86_64-debian-clang | 1.9 | 4.13 | 75.27 | 79.40 | NOTE | |
r-devel-linux-x86_64-debian-gcc | 1.9 | 2.91 | 56.58 | 59.49 | NOTE | |
r-devel-linux-x86_64-fedora-clang | 1.9 | 132.56 | NOTE | |||
r-devel-linux-x86_64-fedora-gcc | 1.9 | 141.48 | NOTE | |||
r-devel-macos-arm64 | 1.9 | 50.00 | OK | |||
r-devel-macos-x86_64 | 1.9 | 109.00 | NOTE | |||
r-devel-windows-x86_64 | 1.9 | 4.00 | 122.00 | 126.00 | NOTE | |
r-patched-linux-x86_64 | 1.9 | 4.04 | 73.26 | 77.30 | OK | |
r-release-linux-x86_64 | 1.9 | 3.75 | 73.24 | 76.99 | OK | |
r-release-macos-arm64 | 1.9 | 50.00 | OK | |||
r-release-macos-x86_64 | 1.9 | 113.00 | OK | |||
r-release-windows-x86_64 | 1.9 | 6.00 | 108.00 | 114.00 | OK | |
r-oldrel-macos-arm64 | 1.9 | 60.00 | OK | |||
r-oldrel-macos-x86_64 | 1.9 | 128.00 | OK | |||
r-oldrel-windows-x86_64 | 1.9 | 8.00 | 124.00 | 132.00 | OK |
Version: 1.9
Check: DESCRIPTION meta-information
Result: NOTE
Missing dependency on R >= 4.1.0 because package code uses the pipe
|> or function shorthand \(...) syntax added in R 4.1.0.
File(s) using such syntax:
‘pals.maxcolors.R’
Flavors: r-devel-linux-x86_64-debian-clang, r-devel-linux-x86_64-debian-gcc, r-devel-linux-x86_64-fedora-clang, r-devel-linux-x86_64-fedora-gcc, r-devel-macos-x86_64, r-devel-windows-x86_64
These binaries (installable software) and packages are in development.
They may not be fully stable and should be used with caution. We make no claims about them.