CRAN Package Check Results for Package pan

Last updated on 2025-10-03 03:50:50 CEST.

Flavor Version Tinstall Tcheck Ttotal Status Flags
r-devel-linux-x86_64-debian-clang 1.9 7.51 35.11 42.62 NOTE
r-devel-linux-x86_64-debian-gcc 1.9 4.28 27.22 31.50 NOTE
r-devel-linux-x86_64-fedora-clang 1.9 65.31 OK
r-devel-linux-x86_64-fedora-gcc 1.9 76.09 OK
r-devel-windows-x86_64 1.9 10.00 67.00 77.00 OK
r-patched-linux-x86_64 1.9 5.23 33.39 38.62 OK
r-release-linux-x86_64 1.9 5.76 33.32 39.08 OK
r-release-macos-arm64 1.9 32.00 OK
r-release-macos-x86_64 1.9 90.00 OK
r-release-windows-x86_64 1.9 10.00 68.00 78.00 OK
r-oldrel-macos-arm64 1.9 35.00 OK
r-oldrel-macos-x86_64 1.9 44.00 OK
r-oldrel-windows-x86_64 1.9 9.00 73.00 82.00 OK

Check Details

Version: 1.9
Check: CRAN incoming feasibility
Result: NOTE Maintainer: ‘Jing hua Zhao <jinghuazhao@hotmail.com>’ No Authors@R field in DESCRIPTION. Please add one, modifying Authors@R: c(person(given = c("Original", "by", "Joseph", "L."), family = "Schafer", role = "aut"), person(given = c("Jing", "hua"), family = "Zhao", role = "cre", email = "jinghuazhao@hotmail.com")) as necessary. Flavors: r-devel-linux-x86_64-debian-clang, r-devel-linux-x86_64-debian-gcc

These binaries (installable software) and packages are in development.
They may not be fully stable and should be used with caution. We make no claims about them.