CRAN Package Check Results for Package pandemics

Last updated on 2025-05-02 04:49:42 CEST.

Flavor Version Tinstall Tcheck Ttotal Status Flags
r-devel-linux-x86_64-debian-clang 0.1.0 2.31 32.91 35.22 NOTE
r-devel-linux-x86_64-debian-gcc 0.1.0 1.77 25.00 26.77 OK
r-devel-linux-x86_64-fedora-clang 0.1.0 56.76 OK
r-devel-linux-x86_64-fedora-gcc 0.1.0 56.81 OK
r-devel-windows-x86_64 0.1.0 3.00 51.00 54.00 OK
r-patched-linux-x86_64 0.1.0 2.74 31.43 34.17 OK
r-release-linux-x86_64 OK
r-release-macos-arm64 0.1.0 21.00 OK
r-release-macos-x86_64 0.1.0 33.00 OK
r-release-windows-x86_64 0.1.0 4.00 56.00 60.00 OK
r-oldrel-macos-arm64 0.1.0 21.00 OK
r-oldrel-macos-x86_64 0.1.0 45.00 OK
r-oldrel-windows-x86_64 0.1.0 5.00 53.00 58.00 OK

Check Details

Version: 0.1.0
Check: examples
Result: NOTE Examples with CPU (user + system) or elapsed time > 5s user system elapsed forecasting 6.685 0.02 8.088 Flavor: r-devel-linux-x86_64-debian-clang

These binaries (installable software) and packages are in development.
They may not be fully stable and should be used with caution. We make no claims about them.