CRAN Package Check Results for Package panelPomp

Last updated on 2025-10-23 17:50:56 CEST.

Flavor Version Tinstall Tcheck Ttotal Status Flags
r-devel-linux-x86_64-debian-clang 1.7.0.0 10.24 124.92 135.16 NOTE
r-devel-linux-x86_64-debian-gcc 1.7.0.0 6.12 92.44 98.56 OK
r-devel-linux-x86_64-fedora-clang 1.7.0.0 26.00 174.54 200.54 OK
r-devel-linux-x86_64-fedora-gcc 1.7.0.0 21.00 183.55 204.55 OK
r-devel-windows-x86_64 1.7.0.0 12.00 245.00 257.00 OK
r-patched-linux-x86_64 1.7.0.0 9.33 114.37 123.70 OK
r-release-linux-x86_64 1.7.0.0 8.70 113.87 122.57 OK
r-release-macos-arm64 1.7.0.0 7.00 86.00 93.00 OK
r-release-macos-x86_64 1.7.0.0 12.00 173.00 185.00 OK
r-release-windows-x86_64 1.7.0.0 12.00 231.00 243.00 OK
r-oldrel-macos-arm64 1.7.0.0 5.00 84.00 89.00 OK
r-oldrel-macos-x86_64 1.7.0.0 12.00 183.00 195.00 OK
r-oldrel-windows-x86_64 1.7.0.0 13.00 273.00 286.00 OK

Check Details

Version: 1.7.0.0
Check: HTML version of manual
Result: NOTE Found the following HTML validation problems: dot-modifyOther.html:58:1 (dot-modifyOther.Rd:16): Warning: missing </ul> before </div> dot-modifySelf.html:58:1 (dot-modifySelf.Rd:16): Warning: missing </ul> before </div> pfilterd-setter.html:78:1 (pfilterd-setter.Rd:21): Warning: missing </ul> before </div> Flavor: r-devel-linux-x86_64-debian-clang

These binaries (installable software) and packages are in development.
They may not be fully stable and should be used with caution. We make no claims about them.