CRAN Package Check Results for Package panelSUR

Last updated on 2025-05-01 14:49:17 CEST.

Flavor Version Tinstall Tcheck Ttotal Status Flags
r-devel-linux-x86_64-debian-clang 0.1.0 3.03 28.65 31.68 NOTE
r-devel-linux-x86_64-debian-gcc 0.1.0 2.00 21.95 23.95 OK
r-devel-linux-x86_64-fedora-clang 0.1.0 54.46 OK
r-devel-linux-x86_64-fedora-gcc 0.1.0 50.08 OK
r-devel-windows-x86_64 0.1.0 4.00 52.00 56.00 OK
r-patched-linux-x86_64 0.1.0 3.00 27.55 30.55 OK
r-release-linux-x86_64 OK
r-release-macos-arm64 0.1.0 40.00 OK
r-release-macos-x86_64 0.1.0 33.00 OK
r-release-windows-x86_64 0.1.0 5.00 57.00 62.00 OK
r-oldrel-macos-arm64 0.1.0 19.00 OK
r-oldrel-macos-x86_64 0.1.0 27.00 OK
r-oldrel-windows-x86_64 0.1.0 5.00 52.00 57.00 OK

Check Details

Version: 0.1.0
Check: examples
Result: NOTE Examples with CPU (user + system) or elapsed time > 5s user system elapsed SURest 3.912 0.159 5.154 Flavor: r-devel-linux-x86_64-debian-clang

These binaries (installable software) and packages are in development.
They may not be fully stable and should be used with caution. We make no claims about them.