Last updated on 2025-02-16 08:50:56 CET.
Flavor | Version | Tinstall | Tcheck | Ttotal | Status | Flags |
---|---|---|---|---|---|---|
r-devel-linux-x86_64-debian-clang | 1.2.13 | 13.93 | 131.81 | 145.74 | OK | |
r-devel-linux-x86_64-debian-gcc | 1.2.13 | 10.64 | 95.98 | 106.62 | OK | |
r-devel-linux-x86_64-fedora-clang | 1.2.13 | 227.09 | OK | |||
r-devel-linux-x86_64-fedora-gcc | 1.2.13 | 207.61 | OK | |||
r-devel-macos-arm64 | 1.2.13 | 64.00 | OK | |||
r-devel-macos-x86_64 | 1.2.13 | 128.00 | OK | |||
r-devel-windows-x86_64 | 1.2.13 | 15.00 | 149.00 | 164.00 | OK | |
r-patched-linux-x86_64 | 1.2.13 | 13.55 | 120.85 | 134.40 | NOTE | |
r-release-linux-x86_64 | 1.2.13 | 11.38 | 123.87 | 135.25 | NOTE | |
r-release-macos-arm64 | 1.2.13 | 64.00 | NOTE | |||
r-release-macos-x86_64 | 1.2.13 | 89.00 | NOTE | |||
r-release-windows-x86_64 | 1.2.13 | 15.00 | 145.00 | 160.00 | NOTE | |
r-oldrel-macos-arm64 | 1.2.13 | 73.00 | NOTE | |||
r-oldrel-macos-x86_64 | 1.2.13 | 116.00 | NOTE | |||
r-oldrel-windows-x86_64 | 1.2.13 | 20.00 | 165.00 | 185.00 | NOTE |
Version: 1.2.13
Check: LazyData
Result: NOTE
'LazyData' is specified without a 'data' directory
Flavors: r-patched-linux-x86_64, r-release-linux-x86_64, r-release-macos-arm64, r-release-macos-x86_64, r-release-windows-x86_64, r-oldrel-macos-arm64, r-oldrel-macos-x86_64, r-oldrel-windows-x86_64
These binaries (installable software) and packages are in development.
They may not be fully stable and should be used with caution. We make no claims about them.