CRAN Package Check Results for Package panelr

Last updated on 2025-10-03 01:49:55 CEST.

Flavor Version Tinstall Tcheck Ttotal Status Flags
r-devel-linux-x86_64-debian-clang 0.7.8 18.65 272.97 291.62 NOTE
r-devel-linux-x86_64-debian-gcc 0.7.8 13.08 183.72 196.80 NOTE
r-devel-linux-x86_64-fedora-clang 0.7.8 449.35 OK
r-devel-linux-x86_64-fedora-gcc 0.7.8 466.33 OK
r-devel-windows-x86_64 0.7.8 22.00 244.00 266.00 OK
r-patched-linux-x86_64 0.7.8 18.46 253.70 272.16 OK
r-release-linux-x86_64 0.7.8 17.81 253.78 271.59 OK
r-release-macos-arm64 0.7.8 115.00 OK
r-release-macos-x86_64 0.7.8 237.00 OK
r-release-windows-x86_64 0.7.8 20.00 247.00 267.00 OK
r-oldrel-macos-arm64 0.7.8 96.00 OK
r-oldrel-macos-x86_64 0.7.8 164.00 OK
r-oldrel-windows-x86_64 0.7.8 26.00 327.00 353.00 OK

Check Details

Version: 0.7.8
Check: CRAN incoming feasibility
Result: NOTE Maintainer: ‘Jacob A. Long <jacob.long@sc.edu>’ The BugReports field in DESCRIPTION has https://github.com/jacob-long/panelr which should likely be https://github.com/jacob-long/panelr/issues instead. Flavors: r-devel-linux-x86_64-debian-clang, r-devel-linux-x86_64-debian-gcc

These binaries (installable software) and packages are in development.
They may not be fully stable and should be used with caution. We make no claims about them.