Last updated on 2025-05-01 12:49:35 CEST.
Flavor | Version | Tinstall | Tcheck | Ttotal | Status | Flags |
---|---|---|---|---|---|---|
r-devel-linux-x86_64-debian-clang | 0.7.8 | 18.70 | 256.80 | 275.50 | NOTE | |
r-devel-linux-x86_64-debian-gcc | 0.7.8 | 11.84 | 177.04 | 188.88 | NOTE | |
r-devel-linux-x86_64-fedora-clang | 0.7.8 | 452.73 | OK | |||
r-devel-linux-x86_64-fedora-gcc | 0.7.8 | 419.16 | OK | |||
r-devel-windows-x86_64 | 0.7.8 | 17.00 | 241.00 | 258.00 | OK | |
r-patched-linux-x86_64 | 0.7.8 | 17.39 | 241.79 | 259.18 | OK | |
r-release-linux-x86_64 | OK | |||||
r-release-macos-arm64 | 0.7.8 | 115.00 | OK | |||
r-release-macos-x86_64 | 0.7.8 | 237.00 | OK | |||
r-release-windows-x86_64 | 0.7.8 | 18.00 | 242.00 | 260.00 | OK | |
r-oldrel-macos-arm64 | 0.7.8 | 96.00 | OK | |||
r-oldrel-macos-x86_64 | 0.7.8 | 164.00 | OK | |||
r-oldrel-windows-x86_64 | 0.7.8 | 22.00 | 316.00 | 338.00 | OK |
Version: 0.7.8
Check: CRAN incoming feasibility
Result: NOTE
Maintainer: ‘Jacob A. Long <jacob.long@sc.edu>’
The BugReports field in DESCRIPTION has
https://github.com/jacob-long/panelr
which should likely be
https://github.com/jacob-long/panelr/issues
instead.
Flavors: r-devel-linux-x86_64-debian-clang, r-devel-linux-x86_64-debian-gcc
These binaries (installable software) and packages are in development.
They may not be fully stable and should be used with caution. We make no claims about them.