Last updated on 2025-07-24 01:50:29 CEST.
Flavor | Version | Tinstall | Tcheck | Ttotal | Status | Flags |
---|---|---|---|---|---|---|
r-devel-linux-x86_64-debian-clang | 0.1.5 | 4.71 | 40.20 | 44.91 | NOTE | |
r-devel-linux-x86_64-debian-gcc | 0.1.5 | 2.95 | 29.35 | 32.30 | NOTE | |
r-devel-linux-x86_64-fedora-clang | 0.1.5 | 65.90 | OK | |||
r-devel-linux-x86_64-fedora-gcc | 0.1.5 | 61.08 | OK | |||
r-devel-windows-x86_64 | 0.1.5 | 6.00 | 58.00 | 64.00 | OK | |
r-patched-linux-x86_64 | 0.1.5 | 4.48 | 37.09 | 41.57 | OK | |
r-release-linux-x86_64 | 0.1.5 | 4.20 | 36.88 | 41.08 | OK | |
r-release-macos-arm64 | 0.1.5 | 27.00 | OK | |||
r-release-macos-x86_64 | 0.1.5 | 45.00 | OK | |||
r-release-windows-x86_64 | 0.1.5 | 7.00 | 63.00 | 70.00 | OK | |
r-oldrel-macos-arm64 | 0.1.5 | 23.00 | OK | |||
r-oldrel-macos-x86_64 | 0.1.5 | 39.00 | OK | |||
r-oldrel-windows-x86_64 | 0.1.5 | 7.00 | 64.00 | 71.00 | OK |
Version: 0.1.5
Check: CRAN incoming feasibility
Result: NOTE
Maintainer: ‘Sacha Epskamp <mail@sachaepskamp.com>’
No Authors@R field in DESCRIPTION.
Please add one, modifying
Authors@R: person(given = "Sacha",
family = "Epskamp",
role = c("aut", "cre"),
email = "mail@sachaepskamp.com")
as necessary.
Flavors: r-devel-linux-x86_64-debian-clang, r-devel-linux-x86_64-debian-gcc
These binaries (installable software) and packages are in development.
They may not be fully stable and should be used with caution. We make no claims about them.