Last updated on 2025-05-01 08:52:40 CEST.
Flavor | Version | Tinstall | Tcheck | Ttotal | Status | Flags |
---|---|---|---|---|---|---|
r-devel-linux-x86_64-debian-clang | 0.1.1 | 254.27 | 219.04 | 473.31 | OK | |
r-devel-linux-x86_64-debian-gcc | 0.1.1 | 231.10 | 167.10 | 398.20 | OK | |
r-devel-linux-x86_64-fedora-clang | 0.1.1 | 754.12 | OK | |||
r-devel-linux-x86_64-fedora-gcc | 0.1.1 | 935.88 | OK | |||
r-devel-windows-x86_64 | 0.1.1 | 290.00 | 276.00 | 566.00 | OK | |
r-patched-linux-x86_64 | 0.1.1 | 304.15 | 234.55 | 538.70 | OK | |
r-release-linux-x86_64 | OK | |||||
r-release-macos-arm64 | 0.1.1 | 176.00 | OK | |||
r-release-macos-x86_64 | 0.1.1 | 303.00 | OK | |||
r-release-windows-x86_64 | 0.1.1 | 292.00 | 279.00 | 571.00 | OK | |
r-oldrel-macos-arm64 | 0.1.1 | 186.00 | NOTE | |||
r-oldrel-macos-x86_64 | 0.1.1 | 372.00 | NOTE | |||
r-oldrel-windows-x86_64 | 0.1.1 | 315.00 | 345.00 | 660.00 | OK |
Version: 0.1.1
Check: installed package size
Result: NOTE
installed size is 84.2Mb
sub-directories of 1Mb or more:
libs 83.7Mb
Flavors: r-oldrel-macos-arm64, r-oldrel-macos-x86_64
Version: 0.1.1
Check: for GNU extensions in Makefiles
Result: NOTE
GNU make is a SystemRequirements.
Flavors: r-oldrel-macos-arm64, r-oldrel-macos-x86_64
These binaries (installable software) and packages are in development.
They may not be fully stable and should be used with caution. We make no claims about them.