CRAN Package Check Results for Package parade

Last updated on 2025-11-11 15:50:41 CET.

Flavor Version Tinstall Tcheck Ttotal Status Flags
r-devel-linux-x86_64-debian-clang 0.1 1.54 20.56 22.10 NOTE
r-devel-linux-x86_64-debian-gcc 0.1 1.34 16.82 18.16 NOTE
r-devel-linux-x86_64-fedora-clang 0.1 32.10 OK
r-devel-linux-x86_64-fedora-gcc 0.1 33.47 OK
r-devel-windows-x86_64 0.1 2.00 38.00 40.00 OK
r-patched-linux-x86_64 0.1 1.61 19.36 20.97 OK
r-release-linux-x86_64 0.1 1.61 19.60 21.21 OK
r-release-macos-arm64 0.1 1.00 15.00 16.00 OK
r-release-macos-x86_64 0.1 1.00 23.00 24.00 OK
r-release-windows-x86_64 0.1 2.00 39.00 41.00 OK
r-oldrel-macos-arm64 0.1 1.00 13.00 14.00 OK
r-oldrel-macos-x86_64 0.1 1.00 18.00 19.00 OK
r-oldrel-windows-x86_64 0.1 3.00 39.00 42.00 OK

Check Details

Version: 0.1
Check: CRAN incoming feasibility
Result: NOTE Maintainer: ‘Marek Hlavac <mhlavac@alumni.princeton.edu>’ No Authors@R field in DESCRIPTION. Please add one, modifying Authors@R: person(given = "Marek", family = "Hlavac", role = c("aut", "cre"), email = "mhlavac@alumni.princeton.edu") as necessary. Package CITATION file contains call(s) to old-style citEntry(). Please use bibentry() instead. Flavors: r-devel-linux-x86_64-debian-clang, r-devel-linux-x86_64-debian-gcc

These binaries (installable software) and packages are in development.
They may not be fully stable and should be used with caution. We make no claims about them.