Last updated on 2025-02-16 08:50:56 CET.
Flavor | Version | Tinstall | Tcheck | Ttotal | Status | Flags |
---|---|---|---|---|---|---|
r-devel-linux-x86_64-debian-clang | 1.0.3 | 4.63 | 601.70 | 606.33 | OK | |
r-devel-linux-x86_64-debian-gcc | 1.0.3 | 3.53 | 396.58 | 400.11 | OK | |
r-devel-linux-x86_64-fedora-clang | 1.0.3 | 959.31 | OK | |||
r-devel-linux-x86_64-fedora-gcc | 1.0.3 | 987.90 | OK | |||
r-devel-macos-arm64 | 1.0.3 | 254.00 | OK | |||
r-devel-macos-x86_64 | 1.0.3 | 593.00 | OK | |||
r-devel-windows-x86_64 | 1.0.3 | 8.00 | 578.00 | 586.00 | OK | |
r-patched-linux-x86_64 | 1.0.3 | 4.51 | 567.71 | 572.22 | OK | |
r-release-linux-x86_64 | 1.0.3 | 4.80 | 565.83 | 570.63 | OK | |
r-release-macos-arm64 | 1.0.3 | 174.00 | NOTE | |||
r-release-macos-x86_64 | 1.0.3 | 343.00 | NOTE | |||
r-release-windows-x86_64 | 1.0.3 | 8.00 | 561.00 | 569.00 | OK | |
r-oldrel-macos-arm64 | 1.0.3 | 232.00 | NOTE | |||
r-oldrel-macos-x86_64 | 1.0.3 | 413.00 | NOTE | |||
r-oldrel-windows-x86_64 | 1.0.3 | 10.00 | 750.00 | 760.00 | OK |
Version: 1.0.3
Check: package dependencies
Result: NOTE
Package suggested but not available for checking: ‘MicrobiotaProcess’
Flavors: r-release-macos-arm64, r-oldrel-macos-arm64, r-oldrel-macos-x86_64
Version: 1.0.3
Check: package dependencies
Result: NOTE
Packages suggested but not available for checking:
'MicrobiotaProcess', 'TreeSummarizedExperiment'
Flavor: r-release-macos-x86_64
These binaries (installable software) and packages are in development.
They may not be fully stable and should be used with caution. We make no claims about them.