CRAN Package Check Results for Package parallelDist

Last updated on 2025-05-08 04:52:13 CEST.

Flavor Version Tinstall Tcheck Ttotal Status Flags
r-devel-linux-x86_64-debian-clang 0.2.6 44.17 89.37 133.54 NOTE
r-devel-linux-x86_64-debian-gcc 0.2.6 32.41 60.98 93.39 NOTE
r-devel-linux-x86_64-fedora-clang 0.2.6 249.59 NOTE
r-devel-linux-x86_64-fedora-gcc 0.2.6 253.12 NOTE
r-devel-windows-x86_64 0.2.6 57.00 149.00 206.00 NOTE
r-patched-linux-x86_64 0.2.6 45.26 78.67 123.93 NOTE
r-release-linux-x86_64 0.2.6 46.24 79.66 125.90 NOTE
r-release-macos-arm64 0.2.6 144.00 NOTE
r-release-macos-x86_64 0.2.6 132.00 NOTE
r-release-windows-x86_64 0.2.6 57.00 153.00 210.00 NOTE
r-oldrel-macos-arm64 0.2.6 41.00 NOTE
r-oldrel-macos-x86_64 0.2.6 67.00 NOTE
r-oldrel-windows-x86_64 0.2.6 64.00 176.00 240.00 NOTE

Check Details

Version: 0.2.6
Check: C++ specification
Result: NOTE Specified C++11: please drop specification unless essential Flavors: r-devel-linux-x86_64-debian-clang, r-devel-linux-x86_64-debian-gcc, r-devel-linux-x86_64-fedora-clang, r-devel-linux-x86_64-fedora-gcc, r-devel-windows-x86_64, r-patched-linux-x86_64, r-release-linux-x86_64, r-release-macos-arm64, r-release-macos-x86_64, r-release-windows-x86_64, r-oldrel-macos-arm64, r-oldrel-macos-x86_64, r-oldrel-windows-x86_64

These binaries (installable software) and packages are in development.
They may not be fully stable and should be used with caution. We make no claims about them.