Last updated on 2025-02-16 08:50:56 CET.
Flavor | Version | Tinstall | Tcheck | Ttotal | Status | Flags |
---|---|---|---|---|---|---|
r-devel-linux-x86_64-debian-clang | 0.2.6 | 43.95 | 87.25 | 131.20 | NOTE | |
r-devel-linux-x86_64-debian-gcc | 0.2.6 | 32.48 | 57.94 | 90.42 | NOTE | |
r-devel-linux-x86_64-fedora-clang | 0.2.6 | 250.12 | NOTE | |||
r-devel-linux-x86_64-fedora-gcc | 0.2.6 | 260.08 | NOTE | |||
r-devel-macos-arm64 | 0.2.6 | 61.00 | NOTE | |||
r-devel-macos-x86_64 | 0.2.6 | 127.00 | NOTE | |||
r-devel-windows-x86_64 | 0.2.6 | 51.00 | 153.00 | 204.00 | NOTE | |
r-patched-linux-x86_64 | 0.2.6 | 40.23 | 79.45 | 119.68 | NOTE | |
r-release-linux-x86_64 | 0.2.6 | 43.10 | 77.65 | 120.75 | NOTE | |
r-release-macos-arm64 | 0.2.6 | 41.00 | NOTE | |||
r-release-macos-x86_64 | 0.2.6 | 67.00 | NOTE | |||
r-release-windows-x86_64 | 0.2.6 | 52.00 | 152.00 | 204.00 | NOTE | |
r-oldrel-macos-arm64 | 0.2.6 | 74.00 | NOTE | |||
r-oldrel-macos-x86_64 | 0.2.6 | 142.00 | NOTE | |||
r-oldrel-windows-x86_64 | 0.2.6 | 61.00 | 181.00 | 242.00 | NOTE |
Version: 0.2.6
Check: C++ specification
Result: NOTE
Specified C++11: please drop specification unless essential
Flavors: r-devel-linux-x86_64-debian-clang, r-devel-linux-x86_64-debian-gcc, r-devel-linux-x86_64-fedora-clang, r-devel-linux-x86_64-fedora-gcc, r-devel-macos-arm64, r-devel-macos-x86_64, r-devel-windows-x86_64, r-patched-linux-x86_64, r-release-linux-x86_64, r-release-macos-arm64, r-release-macos-x86_64, r-release-windows-x86_64, r-oldrel-macos-arm64, r-oldrel-macos-x86_64, r-oldrel-windows-x86_64
These binaries (installable software) and packages are in development.
They may not be fully stable and should be used with caution. We make no claims about them.