CRAN Package Check Results for Package parallelpam

Last updated on 2025-05-21 17:52:21 CEST.

Flavor Version Tinstall Tcheck Ttotal Status Flags
r-devel-linux-x86_64-debian-clang 1.4.3 153.73 31.17 184.90 OK
r-devel-linux-x86_64-debian-gcc 1.4.3 120.90 24.65 145.55 OK
r-devel-linux-x86_64-fedora-clang 1.4.3 357.33 OK
r-devel-linux-x86_64-fedora-gcc 1.4.3 516.94 OK
r-devel-windows-x86_64 1.4.3 171.00 98.00 269.00 OK
r-patched-linux-x86_64 1.4.3 167.78 29.70 197.48 OK
r-release-linux-x86_64 1.4.3 167.66 29.75 197.41 OK
r-release-macos-arm64 1.4.3 91.00 OK
r-release-macos-x86_64 1.4.3 116.00 OK
r-release-windows-x86_64 1.4.3 172.00 106.00 278.00 OK
r-oldrel-macos-arm64 1.4.3 110.00 NOTE
r-oldrel-macos-x86_64 1.4.3 170.00 NOTE
r-oldrel-windows-x86_64 1.4.3 157.00 110.00 267.00 OK

Check Details

Version: 1.4.3
Check: installed package size
Result: NOTE installed size is 16.5Mb sub-directories of 1Mb or more: libs 16.1Mb Flavors: r-oldrel-macos-arm64, r-oldrel-macos-x86_64

These binaries (installable software) and packages are in development.
They may not be fully stable and should be used with caution. We make no claims about them.