Last updated on 2025-07-25 01:49:34 CEST.
Flavor | Version | Tinstall | Tcheck | Ttotal | Status | Flags |
---|---|---|---|---|---|---|
r-devel-linux-x86_64-debian-clang | 1.4.3 | 152.32 | 31.39 | 183.71 | OK | |
r-devel-linux-x86_64-debian-gcc | 1.4.3 | 119.91 | 25.07 | 144.98 | OK | |
r-devel-linux-x86_64-fedora-clang | 1.4.3 | 347.77 | OK | |||
r-devel-linux-x86_64-fedora-gcc | 1.4.3 | 449.36 | OK | |||
r-devel-windows-x86_64 | 1.4.3 | 175.00 | 101.00 | 276.00 | OK | |
r-patched-linux-x86_64 | 1.4.3 | 169.42 | 29.56 | 198.98 | OK | |
r-release-linux-x86_64 | 1.4.3 | 167.91 | 29.70 | 197.61 | OK | |
r-release-macos-arm64 | 1.4.3 | 91.00 | OK | |||
r-release-macos-x86_64 | 1.4.3 | 116.00 | OK | |||
r-release-windows-x86_64 | 1.4.3 | 171.00 | 83.00 | 254.00 | OK | |
r-oldrel-macos-arm64 | 1.4.3 | 110.00 | NOTE | |||
r-oldrel-macos-x86_64 | 1.4.3 | 170.00 | NOTE | |||
r-oldrel-windows-x86_64 | 1.4.3 | 161.00 | 105.00 | 266.00 | OK |
Version: 1.4.3
Check: installed package size
Result: NOTE
installed size is 16.5Mb
sub-directories of 1Mb or more:
libs 16.1Mb
Flavors: r-oldrel-macos-arm64, r-oldrel-macos-x86_64
These binaries (installable software) and packages are in development.
They may not be fully stable and should be used with caution. We make no claims about them.