CRAN Package Check Results for Package paramix

Last updated on 2025-05-08 04:52:13 CEST.

Flavor Version Tinstall Tcheck Ttotal Status Flags
r-devel-linux-x86_64-debian-clang 0.0.1 2.83 70.26 73.09 NOTE
r-devel-linux-x86_64-debian-gcc 0.0.1 2.09 53.17 55.26 NOTE
r-devel-linux-x86_64-fedora-clang 0.0.1 96.79 NOTE
r-devel-linux-x86_64-fedora-gcc 0.0.1 106.13 NOTE
r-devel-windows-x86_64 0.0.1 4.00 62.00 66.00 NOTE
r-patched-linux-x86_64 0.0.1 2.97 67.30 70.27 NOTE
r-release-linux-x86_64 0.0.1 2.81 67.53 70.34 NOTE
r-release-macos-arm64 0.0.1 29.00 NOTE
r-release-macos-x86_64 0.0.1 63.00 NOTE
r-release-windows-x86_64 0.0.1 4.00 64.00 68.00 NOTE
r-oldrel-macos-arm64 0.0.1 46.00 OK
r-oldrel-macos-x86_64 0.0.1 107.00 OK
r-oldrel-windows-x86_64 0.0.1 3.00 70.00 73.00 OK

Check Details

Version: 0.0.1
Check: DESCRIPTION meta-information
Result: NOTE Missing dependency on R >= 4.1.0 because package code uses the pipe |> or function shorthand \(...) syntax added in R 4.1.0. File(s) using such syntax: ‘parameter_summary.Rd’ Flavors: r-devel-linux-x86_64-debian-clang, r-devel-linux-x86_64-debian-gcc, r-devel-linux-x86_64-fedora-clang, r-devel-linux-x86_64-fedora-gcc, r-devel-windows-x86_64, r-patched-linux-x86_64, r-release-linux-x86_64, r-release-macos-arm64, r-release-macos-x86_64, r-release-windows-x86_64

These binaries (installable software) and packages are in development.
They may not be fully stable and should be used with caution. We make no claims about them.