Last updated on 2025-02-16 08:50:56 CET.
Flavor | Version | Tinstall | Tcheck | Ttotal | Status | Flags |
---|---|---|---|---|---|---|
r-devel-linux-x86_64-debian-clang | 1.1-5 | 14.54 | 98.87 | 113.41 | NOTE | |
r-devel-linux-x86_64-debian-gcc | 1.1-5 | 8.47 | 68.56 | 77.03 | NOTE | |
r-devel-linux-x86_64-fedora-clang | 1.1-5 | 184.12 | OK | |||
r-devel-linux-x86_64-fedora-gcc | 1.1-5 | 172.24 | OK | |||
r-devel-macos-arm64 | 1.1-5 | 45.00 | OK | |||
r-devel-macos-x86_64 | 1.1-5 | 126.00 | OK | |||
r-devel-windows-x86_64 | 1.1-5 | 16.00 | 118.00 | 134.00 | NOTE | |
r-patched-linux-x86_64 | 1.1-5 | 16.55 | 94.98 | 111.53 | OK | |
r-release-linux-x86_64 | 1.1-5 | 15.04 | 94.91 | 109.95 | OK | |
r-release-macos-arm64 | 1.1-5 | 49.00 | OK | |||
r-release-macos-x86_64 | 1.1-5 | 97.00 | OK | |||
r-release-windows-x86_64 | 1.1-5 | 18.00 | 123.00 | 141.00 | OK | |
r-oldrel-macos-arm64 | 1.1-5 | 53.00 | OK | |||
r-oldrel-macos-x86_64 | 1.1-5 | 81.00 | OK | |||
r-oldrel-windows-x86_64 | 1.1-5 | 21.00 | 136.00 | 157.00 | OK |
Version: 1.1-5
Check: Rd cross-references
Result: NOTE
Found the following Rd file(s) with Rd \link{} targets missing package
anchors:
plot.linkdat.Rd: plot.pedigree
Please provide package anchors for all Rd \link{} targets not in the
package itself and the base packages.
Flavors: r-devel-linux-x86_64-debian-clang, r-devel-linux-x86_64-debian-gcc, r-devel-windows-x86_64
These binaries (installable software) and packages are in development.
They may not be fully stable and should be used with caution. We make no claims about them.