CRAN Package Check Results for Package paran

Last updated on 2025-05-01 14:49:17 CEST.

Flavor Version Tinstall Tcheck Ttotal Status Flags
r-devel-linux-x86_64-debian-clang 1.5.4 1.96 27.49 29.45 NOTE
r-devel-linux-x86_64-debian-gcc 1.5.4 1.58 19.87 21.45 OK
r-devel-linux-x86_64-fedora-clang 1.5.4 44.98 OK
r-devel-linux-x86_64-fedora-gcc 1.5.4 43.39 OK
r-devel-windows-x86_64 1.5.4 3.00 49.00 52.00 OK
r-patched-linux-x86_64 1.5.4 2.00 26.88 28.88 OK
r-release-linux-x86_64 OK
r-release-macos-arm64 1.5.4 31.00 OK
r-release-macos-x86_64 1.5.4 29.00 OK
r-release-windows-x86_64 1.5.4 3.00 52.00 55.00 OK
r-oldrel-macos-arm64 1.5.4 28.00 OK
r-oldrel-macos-x86_64 1.5.4 33.00 OK
r-oldrel-windows-x86_64 1.5.4 3.00 48.00 51.00 OK

Check Details

Version: 1.5.4
Check: examples
Result: NOTE Examples with CPU (user + system) or elapsed time > 5s user system elapsed paran 6.951 0.052 8.193 Flavor: r-devel-linux-x86_64-debian-clang

These binaries (installable software) and packages are in development.
They may not be fully stable and should be used with caution. We make no claims about them.