Last updated on 2025-02-16 08:50:56 CET.
Flavor | Version | Tinstall | Tcheck | Ttotal | Status | Flags |
---|---|---|---|---|---|---|
r-devel-linux-x86_64-debian-clang | 2.7.7 | 10.43 | 178.55 | 188.98 | NOTE | |
r-devel-linux-x86_64-debian-gcc | 2.7.7 | 7.91 | 116.44 | 124.35 | NOTE | |
r-devel-linux-x86_64-fedora-clang | 2.7.7 | 308.54 | OK | |||
r-devel-linux-x86_64-fedora-gcc | 2.7.7 | 291.95 | OK | |||
r-devel-macos-arm64 | 2.7.7 | 79.00 | OK | |||
r-devel-macos-x86_64 | 2.7.7 | 182.00 | OK | |||
r-devel-windows-x86_64 | 2.7.7 | 10.00 | 191.00 | 201.00 | NOTE | |
r-patched-linux-x86_64 | 2.7.7 | 13.06 | 165.88 | 178.94 | OK | |
r-release-linux-x86_64 | 2.7.7 | 9.40 | 166.43 | 175.83 | OK | |
r-release-macos-arm64 | 2.7.7 | 65.00 | OK | |||
r-release-macos-x86_64 | 2.7.7 | 107.00 | OK | |||
r-release-windows-x86_64 | 2.7.7 | 11.00 | 194.00 | 205.00 | OK | |
r-oldrel-macos-arm64 | 2.7.7 | 74.00 | OK | |||
r-oldrel-macos-x86_64 | 2.7.7 | 135.00 | OK | |||
r-oldrel-windows-x86_64 | 2.7.7 | 15.00 | 245.00 | 260.00 | OK |
Version: 2.7.7
Check: Rd cross-references
Result: NOTE
Found the following Rd file(s) with Rd \link{} targets missing package
anchors:
parfm.Rd: Surv, optimx
select.parfm.Rd: Surv
Please provide package anchors for all Rd \link{} targets not in the
package itself and the base packages.
Flavors: r-devel-linux-x86_64-debian-clang, r-devel-linux-x86_64-debian-gcc, r-devel-windows-x86_64
These binaries (installable software) and packages are in development.
They may not be fully stable and should be used with caution. We make no claims about them.