Last updated on 2025-10-23 15:50:04 CEST.
Flavor | Version | Tinstall | Tcheck | Ttotal | Status | Flags |
---|---|---|---|---|---|---|
r-devel-linux-x86_64-debian-clang | 0.1.7 | 62.85 | 68.58 | 131.43 | WARN | |
r-devel-linux-x86_64-debian-gcc | 0.1.7 | 38.80 | 51.82 | 90.62 | WARN | |
r-devel-linux-x86_64-fedora-clang | 0.1.7 | 97.00 | 118.98 | 215.98 | NOTE | |
r-devel-linux-x86_64-fedora-gcc | 0.1.7 | 100.00 | 108.48 | 208.48 | NOTE | |
r-devel-windows-x86_64 | 0.1.7 | 69.00 | 96.00 | 165.00 | NOTE | |
r-patched-linux-x86_64 | 0.1.7 | 57.90 | 65.56 | 123.46 | NOTE | |
r-release-linux-x86_64 | 0.1.7 | 60.35 | 64.43 | 124.78 | NOTE | |
r-release-macos-arm64 | 0.1.7 | 23.00 | 52.00 | 75.00 | NOTE | |
r-release-macos-x86_64 | 0.1.7 | 27.00 | 78.00 | 105.00 | NOTE | |
r-release-windows-x86_64 | 0.1.7 | 66.00 | 94.00 | 160.00 | NOTE | |
r-oldrel-macos-arm64 | 0.1.7 | 23.00 | 37.00 | 60.00 | NOTE | |
r-oldrel-macos-x86_64 | 0.1.7 | 20.00 | 56.00 | 76.00 | NOTE | |
r-oldrel-windows-x86_64 | 0.1.7 | 82.00 | 121.00 | 203.00 | NOTE |
Version: 0.1.7
Check: whether package can be installed
Result: WARN
Found the following significant warnings:
/home/hornik/tmp/R.check/r-devel-clang/Work/build/Packages/RcppArmadillo/include/RcppArmadillo/version/arma.h:66:17: warning: Using fallback compilation with Armadillo 14.6.3. Please consider defining -DARMA_USE_CURRENT and also removing C++11 compilation directive. See GitHub issue #475 for more. [-W#pragma-messages]
See ‘/home/hornik/tmp/R.check/r-devel-clang/Work/PKGS/parglm.Rcheck/00install.out’ for details.
* used C++ compiler: ‘Debian clang version 19.1.7 (7)’
Flavor: r-devel-linux-x86_64-debian-clang
Version: 0.1.7
Check: C++ specification
Result: NOTE
Specified C++11: please drop specification unless essential
Flavors: r-devel-linux-x86_64-debian-clang, r-devel-linux-x86_64-debian-gcc, r-devel-linux-x86_64-fedora-clang, r-devel-linux-x86_64-fedora-gcc, r-devel-windows-x86_64, r-patched-linux-x86_64, r-release-linux-x86_64, r-release-macos-arm64, r-release-macos-x86_64, r-release-windows-x86_64, r-oldrel-macos-arm64, r-oldrel-macos-x86_64, r-oldrel-windows-x86_64
Version: 0.1.7
Check: whether package can be installed
Result: WARN
Found the following significant warnings:
/home/hornik/tmp/R.check/r-devel-gcc/Work/build/Packages/RcppArmadillo/include/RcppArmadillo/version/arma.h:66:199: note: ‘#pragma message: Using fallback compilation with Armadillo 14.6.3. Please consider defining -DARMA_USE_CURRENT and also removing C++11 compilation directive. See GitHub issue #475 for more.’
See ‘/home/hornik/tmp/R.check/r-devel-gcc/Work/PKGS/parglm.Rcheck/00install.out’ for details.
* used C++ compiler: ‘g++-15 (Debian 15.2.0-4) 15.2.0’
Flavor: r-devel-linux-x86_64-debian-gcc
These binaries (installable software) and packages are in development.
They may not be fully stable and should be used with caution. We make no claims about them.