Last updated on 2025-05-21 21:49:25 CEST.
Flavor | Version | Tinstall | Tcheck | Ttotal | Status | Flags |
---|---|---|---|---|---|---|
r-devel-linux-x86_64-debian-clang | 0.1.7 | 56.05 | 67.43 | 123.48 | NOTE | |
r-devel-linux-x86_64-debian-gcc | 0.1.7 | 42.43 | 51.50 | 93.93 | NOTE | |
r-devel-linux-x86_64-fedora-clang | 0.1.7 | 222.62 | NOTE | |||
r-devel-linux-x86_64-fedora-gcc | 0.1.7 | 240.59 | NOTE | |||
r-devel-windows-x86_64 | 0.1.7 | 69.00 | 109.00 | 178.00 | NOTE | |
r-patched-linux-x86_64 | 0.1.7 | 59.32 | 63.66 | 122.98 | NOTE | |
r-release-linux-x86_64 | 0.1.7 | 58.62 | 63.72 | 122.34 | NOTE | |
r-release-macos-arm64 | 0.1.7 | 75.00 | NOTE | |||
r-release-macos-x86_64 | 0.1.7 | 105.00 | NOTE | |||
r-release-windows-x86_64 | 0.1.7 | 68.00 | 111.00 | 179.00 | NOTE | |
r-oldrel-macos-arm64 | 0.1.7 | 60.00 | NOTE | |||
r-oldrel-macos-x86_64 | 0.1.7 | 76.00 | NOTE | |||
r-oldrel-windows-x86_64 | 0.1.7 | 80.00 | 118.00 | 198.00 | NOTE |
Version: 0.1.7
Check: C++ specification
Result: NOTE
Specified C++11: please drop specification unless essential
Flavors: r-devel-linux-x86_64-debian-clang, r-devel-linux-x86_64-debian-gcc, r-devel-linux-x86_64-fedora-clang, r-devel-linux-x86_64-fedora-gcc, r-devel-windows-x86_64, r-patched-linux-x86_64, r-release-linux-x86_64, r-release-macos-arm64, r-release-macos-x86_64, r-release-windows-x86_64, r-oldrel-macos-arm64, r-oldrel-macos-x86_64, r-oldrel-windows-x86_64
These binaries (installable software) and packages are in development.
They may not be fully stable and should be used with caution. We make no claims about them.