Last updated on 2025-07-25 01:49:34 CEST.
Flavor | Version | Tinstall | Tcheck | Ttotal | Status | Flags |
---|---|---|---|---|---|---|
r-devel-linux-x86_64-debian-clang | 0.1.7 | 56.72 | 68.36 | 125.08 | NOTE | |
r-devel-linux-x86_64-debian-gcc | 0.1.7 | 43.79 | 50.12 | 93.91 | NOTE | |
r-devel-linux-x86_64-fedora-clang | 0.1.7 | 217.11 | NOTE | |||
r-devel-linux-x86_64-fedora-gcc | 0.1.7 | 217.30 | NOTE | |||
r-devel-windows-x86_64 | 0.1.7 | 68.00 | 114.00 | 182.00 | NOTE | |
r-patched-linux-x86_64 | 0.1.7 | 58.98 | 64.08 | 123.06 | NOTE | |
r-release-linux-x86_64 | 0.1.7 | 57.43 | 63.99 | 121.42 | NOTE | |
r-release-macos-arm64 | 0.1.7 | 75.00 | NOTE | |||
r-release-macos-x86_64 | 0.1.7 | 105.00 | NOTE | |||
r-release-windows-x86_64 | 0.1.7 | 66.00 | 96.00 | 162.00 | NOTE | |
r-oldrel-macos-arm64 | 0.1.7 | 60.00 | NOTE | |||
r-oldrel-macos-x86_64 | 0.1.7 | 76.00 | NOTE | |||
r-oldrel-windows-x86_64 | 0.1.7 | 81.00 | 123.00 | 204.00 | NOTE |
Version: 0.1.7
Check: C++ specification
Result: NOTE
Specified C++11: please drop specification unless essential
Flavors: r-devel-linux-x86_64-debian-clang, r-devel-linux-x86_64-debian-gcc, r-devel-linux-x86_64-fedora-clang, r-devel-linux-x86_64-fedora-gcc, r-devel-windows-x86_64, r-patched-linux-x86_64, r-release-linux-x86_64, r-release-macos-arm64, r-release-macos-x86_64, r-release-windows-x86_64, r-oldrel-macos-arm64, r-oldrel-macos-x86_64, r-oldrel-windows-x86_64
These binaries (installable software) and packages are in development.
They may not be fully stable and should be used with caution. We make no claims about them.