CRAN Package Check Results for Package parma

Last updated on 2025-07-26 07:50:29 CEST.

Flavor Version Tinstall Tcheck Ttotal Status Flags
r-devel-linux-x86_64-debian-clang 1.7 17.59 67.52 85.11 NOTE
r-devel-linux-x86_64-debian-gcc 1.7 10.45 46.18 56.63 NOTE
r-devel-linux-x86_64-fedora-clang 1.7 132.44 OK
r-devel-linux-x86_64-fedora-gcc 1.7 142.83 OK
r-devel-windows-x86_64 1.7 15.00 101.00 116.00 OK
r-patched-linux-x86_64 1.7 16.71 65.03 81.74 OK
r-release-linux-x86_64 1.7 16.06 63.60 79.66 OK
r-release-macos-arm64 1.7 42.00 OK
r-release-macos-x86_64 1.7 99.00 OK
r-release-windows-x86_64 1.7 17.00 102.00 119.00 OK
r-oldrel-macos-arm64 1.7 40.00 OK
r-oldrel-macos-x86_64 1.7 65.00 OK
r-oldrel-windows-x86_64 1.7 18.00 103.00 121.00 OK

Check Details

Version: 1.7
Check: CRAN incoming feasibility
Result: NOTE Maintainer: ‘Alexios Galanos <alexios@4dscape.com>’ Package CITATION file contains call(s) to old-style personList() or as.personList(). Please use c() on person objects instead. Package CITATION file contains call(s) to old-style citEntry(). Please use bibentry() instead. Flavors: r-devel-linux-x86_64-debian-clang, r-devel-linux-x86_64-debian-gcc

These binaries (installable software) and packages are in development.
They may not be fully stable and should be used with caution. We make no claims about them.