Last updated on 2025-10-03 07:49:50 CEST.
Flavor | Version | Tinstall | Tcheck | Ttotal | Status | Flags |
---|---|---|---|---|---|---|
r-devel-linux-x86_64-debian-clang | 0.1.0 | 9.22 | 104.93 | 114.15 | OK | |
r-devel-linux-x86_64-debian-gcc | 0.1.0 | 6.66 | 73.89 | 80.55 | OK | |
r-devel-linux-x86_64-fedora-clang | 0.1.0 | 174.41 | NOTE | |||
r-devel-linux-x86_64-fedora-gcc | 0.1.0 | 193.40 | NOTE | |||
r-devel-windows-x86_64 | 0.1.0 | 11.00 | 106.00 | 117.00 | OK | |
r-patched-linux-x86_64 | 0.1.0 | 10.68 | 99.17 | 109.85 | OK | |
r-release-linux-x86_64 | 0.1.0 | 10.56 | 98.90 | 109.46 | OK | |
r-release-macos-arm64 | 0.1.0 | 50.00 | OK | |||
r-release-macos-x86_64 | 0.1.0 | 108.00 | OK | |||
r-release-windows-x86_64 | 0.1.0 | 12.00 | 107.00 | 119.00 | OK | |
r-oldrel-macos-arm64 | 0.1.0 | 48.00 | OK | |||
r-oldrel-macos-x86_64 | 0.1.0 | 71.00 | OK | |||
r-oldrel-windows-x86_64 | 0.1.0 | 15.00 | 139.00 | 154.00 | OK |
Version: 0.1.0
Check: dependencies in R code
Result: NOTE
Namespace in Imports field not imported from: ‘flexsurv’
All declared Imports should be used.
Flavors: r-devel-linux-x86_64-fedora-clang, r-devel-linux-x86_64-fedora-gcc
These binaries (installable software) and packages are in development.
They may not be fully stable and should be used with caution. We make no claims about them.