CRAN Package Check Results for Package parmsurvfit

Last updated on 2025-05-08 04:52:13 CEST.

Flavor Version Tinstall Tcheck Ttotal Status Flags
r-devel-linux-x86_64-debian-clang 0.1.0 10.21 94.09 104.30 OK
r-devel-linux-x86_64-debian-gcc 0.1.0 6.52 66.38 72.90 OK
r-devel-linux-x86_64-fedora-clang 0.1.0 154.94 NOTE
r-devel-linux-x86_64-fedora-gcc 0.1.0 167.04 NOTE
r-devel-windows-x86_64 0.1.0 11.00 98.00 109.00 OK
r-patched-linux-x86_64 0.1.0 8.59 88.80 97.39 OK
r-release-linux-x86_64 0.1.0 9.57 88.48 98.05 OK
r-release-macos-arm64 0.1.0 50.00 OK
r-release-macos-x86_64 0.1.0 108.00 OK
r-release-windows-x86_64 0.1.0 11.00 99.00 110.00 OK
r-oldrel-macos-arm64 0.1.0 48.00 OK
r-oldrel-macos-x86_64 0.1.0 71.00 OK
r-oldrel-windows-x86_64 0.1.0 14.00 128.00 142.00 OK

Check Details

Version: 0.1.0
Check: dependencies in R code
Result: NOTE Namespace in Imports field not imported from: ‘flexsurv’ All declared Imports should be used. Flavors: r-devel-linux-x86_64-fedora-clang, r-devel-linux-x86_64-fedora-gcc

These binaries (installable software) and packages are in development.
They may not be fully stable and should be used with caution. We make no claims about them.