Last updated on 2024-07-27 15:50:28 CEST.
Flavor | Version | Tinstall | Tcheck | Ttotal | Status | Flags |
---|---|---|---|---|---|---|
r-devel-linux-x86_64-debian-clang | 0.1.0 | 13.57 | 112.76 | 126.33 | OK | |
r-devel-linux-x86_64-debian-gcc | 0.1.0 | OK | ||||
r-devel-linux-x86_64-fedora-clang | 0.1.0 | 154.21 | NOTE | |||
r-devel-linux-x86_64-fedora-gcc | 0.1.0 | 156.24 | NOTE | |||
r-devel-windows-x86_64 | 0.1.0 | 12.00 | 95.00 | 107.00 | OK | |
r-patched-linux-x86_64 | 0.1.0 | OK | ||||
r-release-linux-x86_64 | 0.1.0 | 6.99 | 107.29 | 114.28 | OK | |
r-release-macos-arm64 | 0.1.0 | 48.00 | OK | |||
r-release-macos-x86_64 | 0.1.0 | 71.00 | OK | |||
r-release-windows-x86_64 | 0.1.0 | 10.00 | 93.00 | 103.00 | OK | |
r-oldrel-macos-arm64 | 0.1.0 | 43.00 | OK | |||
r-oldrel-macos-x86_64 | 0.1.0 | 84.00 | OK | |||
r-oldrel-windows-x86_64 | 0.1.0 | 14.00 | 113.00 | 127.00 | OK |
Version: 0.1.0
Check: dependencies in R code
Result: NOTE
Namespace in Imports field not imported from: ‘flexsurv’
All declared Imports should be used.
Flavors: r-devel-linux-x86_64-fedora-clang, r-devel-linux-x86_64-fedora-gcc
These binaries (installable software) and packages are in development.
They may not be fully stable and should be used with caution. We make no claims about them.