Last updated on 2025-02-19 17:50:59 CET.
Flavor | Version | Tinstall | Tcheck | Ttotal | Status | Flags |
---|---|---|---|---|---|---|
r-devel-linux-x86_64-debian-clang | 0.2.1 | 4.50 | 28.51 | 33.01 | OK | |
r-devel-linux-x86_64-debian-gcc | 0.2.1 | 3.45 | 21.78 | 25.23 | OK | |
r-devel-linux-x86_64-fedora-clang | 0.2.1 | 3.66 | ERROR | |||
r-devel-linux-x86_64-fedora-gcc | 0.2.1 | 66.47 | OK | |||
r-devel-macos-arm64 | 0.2.1 | 37.00 | OK | |||
r-devel-macos-x86_64 | 0.2.1 | 85.00 | OK | |||
r-devel-windows-x86_64 | 0.2.1 | 6.00 | 57.00 | 63.00 | OK | |
r-patched-linux-x86_64 | 0.2.1 | 5.43 | 27.12 | 32.55 | OK | |
r-release-linux-x86_64 | 0.2.1 | 4.48 | 27.46 | 31.94 | OK | |
r-release-macos-arm64 | 0.2.1 | 43.00 | OK | |||
r-release-macos-x86_64 | 0.2.1 | 77.00 | OK | |||
r-release-windows-x86_64 | 0.2.1 | 7.00 | 58.00 | 65.00 | OK | |
r-oldrel-macos-x86_64 | 0.2.1 | 61.00 | OK | |||
r-oldrel-windows-x86_64 | 0.2.1 | 7.00 | 64.00 | 71.00 | OK |
Version: 0.2.1
Check: whether package can be installed
Result: ERROR
Installation failed.
Flavor: r-devel-linux-x86_64-fedora-clang
These binaries (installable software) and packages are in development.
They may not be fully stable and should be used with caution. We make no claims about them.