CRAN Package Check Results for Package parsec

Last updated on 2025-02-16 08:50:56 CET.

Flavor Version Tinstall Tcheck Ttotal Status Flags
r-devel-linux-x86_64-debian-clang 1.2.7 10.05 88.03 98.08 NOTE
r-devel-linux-x86_64-debian-gcc 1.2.7 7.07 65.41 72.48 NOTE
r-devel-linux-x86_64-fedora-clang 1.2.7 166.30 NOTE
r-devel-linux-x86_64-fedora-gcc 1.2.7 152.22 NOTE
r-devel-macos-arm64 1.2.7 48.00 NOTE
r-devel-macos-x86_64 1.2.7 95.00 NOTE
r-devel-windows-x86_64 1.2.7 13.00 112.00 125.00 NOTE
r-patched-linux-x86_64 1.2.7 14.43 83.83 98.26 NOTE
r-release-linux-x86_64 1.2.7 10.12 85.29 95.41 NOTE
r-release-macos-arm64 1.2.7 45.00 NOTE
r-release-macos-x86_64 1.2.7 73.00 NOTE
r-release-windows-x86_64 1.2.7 13.00 115.00 128.00 NOTE
r-oldrel-macos-arm64 1.2.7 57.00 OK
r-oldrel-macos-x86_64 1.2.7 93.00 OK
r-oldrel-windows-x86_64 1.2.7 17.00 134.00 151.00 OK

Check Details

Version: 1.2.7
Check: Rd files
Result: NOTE checkRd: (-1) summary.parsec.Rd:13-14: Lost braces in \itemize; meant \describe ? Flavors: r-devel-linux-x86_64-debian-clang, r-devel-linux-x86_64-debian-gcc, r-devel-linux-x86_64-fedora-clang, r-devel-linux-x86_64-fedora-gcc, r-devel-macos-arm64, r-devel-macos-x86_64, r-devel-windows-x86_64, r-patched-linux-x86_64, r-release-linux-x86_64, r-release-macos-arm64, r-release-macos-x86_64, r-release-windows-x86_64

Version: 1.2.7
Check: Rd cross-references
Result: NOTE Found the following Rd file(s) with Rd \link{} targets missing package anchors: parsec2igraph.Rd: igraph Please provide package anchors for all Rd \link{} targets not in the package itself and the base packages. Flavors: r-devel-linux-x86_64-debian-clang, r-devel-linux-x86_64-debian-gcc, r-devel-windows-x86_64

These binaries (installable software) and packages are in development.
They may not be fully stable and should be used with caution. We make no claims about them.