Last updated on 2025-07-03 13:48:41 CEST.
Flavor | Version | Tinstall | Tcheck | Ttotal | Status | Flags |
---|---|---|---|---|---|---|
r-devel-linux-x86_64-debian-clang | 0.9.14 | 9.44 | 196.69 | 206.13 | NOTE | |
r-devel-linux-x86_64-debian-gcc | 0.9.14 | 6.63 | 137.87 | 144.50 | NOTE | |
r-devel-linux-x86_64-fedora-clang | 0.9.14 | 311.68 | OK | |||
r-devel-linux-x86_64-fedora-gcc | 0.9.14 | 316.80 | OK | |||
r-devel-windows-x86_64 | 0.9.14 | 10.00 | 214.00 | 224.00 | OK | |
r-patched-linux-x86_64 | 0.9.14 | 9.01 | 185.69 | 194.70 | OK | |
r-release-linux-x86_64 | 0.9.14 | 8.87 | 191.30 | 200.17 | OK | |
r-release-macos-arm64 | 0.9.14 | 101.00 | OK | |||
r-release-macos-x86_64 | 0.9.14 | 207.00 | OK | |||
r-release-windows-x86_64 | 0.9.14 | 9.00 | 217.00 | 226.00 | OK | |
r-oldrel-macos-arm64 | 0.9.14 | 91.00 | OK | |||
r-oldrel-macos-x86_64 | 0.9.14 | 164.00 | OK | |||
r-oldrel-windows-x86_64 | 0.9.14 | 13.00 | 263.00 | 276.00 | OK |
Version: 0.9.14
Check: CRAN incoming feasibility
Result: NOTE
Maintainer: ‘Annette Molinaro <annette.molinaro@ucsf.edu>’
No Authors@R field in DESCRIPTION.
Please add one, modifying
Authors@R: c(person(given = "Annette",
family = "Molinaro",
role = c("aut", "cre"),
email = "annette.molinaro@ucsf.edu"),
person(given = "Adam",
family = "Olshen",
role = "aut",
email = "olshena@biostat.ucsf.edu"),
person(given = "Karen",
family = "Lostritto",
role = "aut",
email = "karen.lostritto@yale.edu"),
person(given = "Gregory",
family = "Ryslik",
role = "aut",
email = "gregory.ryslik@yale.edu"),
person(given = "Steve",
family = "Weston",
role = "aut",
email = "stephen.weston@yale.com"))
as necessary.
Package CITATION file contains call(s) to old-style personList() or
as.personList(). Please use c() on person objects instead.
Package CITATION file contains call(s) to old-style citEntry(). Please
use bibentry() instead.
Flavors: r-devel-linux-x86_64-debian-clang, r-devel-linux-x86_64-debian-gcc
These binaries (installable software) and packages are in development.
They may not be fully stable and should be used with caution. We make no claims about them.