Last updated on 2025-05-01 08:52:40 CEST.
Flavor | Version | Tinstall | Tcheck | Ttotal | Status | Flags |
---|---|---|---|---|---|---|
r-devel-linux-x86_64-debian-clang | 0.9.14 | 7.87 | 196.14 | 204.01 | NOTE | |
r-devel-linux-x86_64-debian-gcc | 0.9.14 | 7.41 | 140.14 | 147.55 | NOTE | |
r-devel-linux-x86_64-fedora-clang | 0.9.14 | 336.52 | OK | |||
r-devel-linux-x86_64-fedora-gcc | 0.9.14 | 335.65 | OK | |||
r-devel-windows-x86_64 | 0.9.14 | 10.00 | 218.00 | 228.00 | OK | |
r-patched-linux-x86_64 | 0.9.14 | 9.37 | 194.55 | 203.92 | OK | |
r-release-linux-x86_64 | OK | |||||
r-release-macos-arm64 | 0.9.14 | 101.00 | OK | |||
r-release-macos-x86_64 | 0.9.14 | 207.00 | OK | |||
r-release-windows-x86_64 | 0.9.14 | 9.00 | 229.00 | 238.00 | OK | |
r-oldrel-macos-arm64 | 0.9.14 | 91.00 | OK | |||
r-oldrel-macos-x86_64 | 0.9.14 | 164.00 | OK | |||
r-oldrel-windows-x86_64 | 0.9.14 | 13.00 | 262.00 | 275.00 | OK |
Version: 0.9.14
Check: CRAN incoming feasibility
Result: NOTE
Maintainer: ‘Annette Molinaro <annette.molinaro@ucsf.edu>’
No Authors@R field in DESCRIPTION.
Please add one, modifying
Authors@R: c(person(given = "Annette",
family = "Molinaro",
role = c("aut", "cre"),
email = "annette.molinaro@ucsf.edu"),
person(given = "Adam",
family = "Olshen",
role = "aut",
email = "olshena@biostat.ucsf.edu"),
person(given = "Karen",
family = "Lostritto",
role = "aut",
email = "karen.lostritto@yale.edu"),
person(given = "Gregory",
family = "Ryslik",
role = "aut",
email = "gregory.ryslik@yale.edu"),
person(given = "Steve",
family = "Weston",
role = "aut",
email = "stephen.weston@yale.com"))
as necessary.
Package CITATION file contains call(s) to old-style personList() or
as.personList(). Please use c() on person objects instead.
Package CITATION file contains call(s) to old-style citEntry(). Please
use bibentry() instead.
Flavors: r-devel-linux-x86_64-debian-clang, r-devel-linux-x86_64-debian-gcc
Version: 0.9.14
Check: examples
Result: NOTE
Examples with CPU (user + system) or elapsed time > 5s
user system elapsed
partDSA 5.938 0.048 7.003
Flavor: r-devel-linux-x86_64-debian-clang
These binaries (installable software) and packages are in development.
They may not be fully stable and should be used with caution. We make no claims about them.